Last updated on 2022-08-15 08:50:02 CEST.
Flavor | Version | Tinstall | Tcheck | Ttotal | Status | Flags |
---|---|---|---|---|---|---|
r-devel-linux-x86_64-debian-clang | 1.1.6 | 5.38 | 62.46 | 67.84 | OK | |
r-devel-linux-x86_64-debian-gcc | 1.1.6 | 4.19 | 46.80 | 50.99 | OK | |
r-devel-linux-x86_64-fedora-clang | 1.1.6 | 90.84 | NOTE | |||
r-devel-linux-x86_64-fedora-gcc | 1.1.6 | 90.12 | OK | |||
r-devel-windows-x86_64 | 1.1.6 | 24.00 | 96.00 | 120.00 | OK | |
r-patched-linux-x86_64 | 1.1.6 | 6.28 | 60.05 | 66.33 | OK | |
r-release-linux-x86_64 | 1.1.6 | 4.69 | 59.86 | 64.55 | OK | |
r-release-macos-arm64 | 1.1.6 | 36.00 | OK | |||
r-release-macos-x86_64 | 1.1.6 | 45.00 | OK | |||
r-release-windows-x86_64 | 1.1.6 | 30.00 | 99.00 | 129.00 | OK | |
r-oldrel-macos-arm64 | 1.1.6 | 43.00 | OK | |||
r-oldrel-macos-x86_64 | 1.1.6 | 57.00 | OK | |||
r-oldrel-windows-ix86+x86_64 | 1.1.6 | 10.00 | 94.00 | 104.00 | OK |
Version: 1.1.6
Check: Rd cross-references
Result: NOTE
Undeclared package ‘reader’ in Rd xrefs
Flavor: r-devel-linux-x86_64-fedora-clang