Last updated on 2022-08-15 08:50:02 CEST.
Flavor | Version | Tinstall | Tcheck | Ttotal | Status | Flags |
---|---|---|---|---|---|---|
r-devel-linux-x86_64-debian-clang | 0.1.0 | 30.90 | 79.23 | 110.13 | OK | |
r-devel-linux-x86_64-debian-gcc | 0.1.0 | 25.70 | 59.53 | 85.23 | OK | |
r-devel-linux-x86_64-fedora-clang | 0.1.0 | 149.22 | NOTE | |||
r-devel-linux-x86_64-fedora-gcc | 0.1.0 | 161.35 | NOTE | |||
r-devel-windows-x86_64 | 0.1.0 | 33.00 | 122.00 | 155.00 | OK | |
r-patched-linux-x86_64 | 0.1.0 | 25.77 | 76.20 | 101.97 | OK | |
r-release-linux-x86_64 | 0.1.0 | 25.51 | 75.48 | 100.99 | OK | |
r-release-macos-arm64 | 0.1.0 | 39.00 | NOTE | |||
r-release-macos-x86_64 | 0.1.0 | 70.00 | NOTE | |||
r-release-windows-x86_64 | 0.1.0 | 36.00 | 130.00 | 166.00 | OK | |
r-oldrel-macos-arm64 | 0.1.0 | 48.00 | NOTE | |||
r-oldrel-macos-x86_64 | 0.1.0 | 65.00 | NOTE | |||
r-oldrel-windows-ix86+x86_64 | 0.1.0 | 78.00 | 161.00 | 239.00 | OK |
Version: 0.1.0
Check: dependencies in R code
Result: NOTE
Namespaces in Imports field not imported from:
‘MASS’ ‘fields’ ‘mvtnorm’
All declared Imports should be used.
Flavors: r-devel-linux-x86_64-fedora-clang, r-devel-linux-x86_64-fedora-gcc, r-release-macos-arm64, r-release-macos-x86_64, r-oldrel-macos-arm64, r-oldrel-macos-x86_64
Version: 0.1.0
Check: installed package size
Result: NOTE
installed size is 6.6Mb
sub-directories of 1Mb or more:
data 1.5Mb
libs 4.2Mb
Flavors: r-release-macos-arm64, r-release-macos-x86_64, r-oldrel-macos-arm64, r-oldrel-macos-x86_64