Last updated on 2022-08-15 08:50:02 CEST.
Flavor | Version | Tinstall | Tcheck | Ttotal | Status | Flags |
---|---|---|---|---|---|---|
r-devel-linux-x86_64-debian-clang | 0.2.0 | 5.05 | 38.97 | 44.02 | NOTE | |
r-devel-linux-x86_64-debian-gcc | 0.2.0 | 3.75 | 30.47 | 34.22 | NOTE | |
r-devel-linux-x86_64-fedora-clang | 0.2.0 | 63.96 | NOTE | |||
r-devel-linux-x86_64-fedora-gcc | 0.2.0 | 66.59 | NOTE | |||
r-devel-windows-x86_64 | 0.2.0 | 7.00 | 61.00 | 68.00 | OK | |
r-patched-linux-x86_64 | 0.2.0 | 4.20 | 38.44 | 42.64 | OK | |
r-release-linux-x86_64 | 0.2.0 | 4.92 | 37.19 | 42.11 | OK | |
r-release-macos-arm64 | 0.2.0 | 22.00 | OK | |||
r-release-macos-x86_64 | 0.2.0 | 28.00 | OK | |||
r-release-windows-x86_64 | 0.2.0 | 8.00 | 61.00 | 69.00 | OK | |
r-oldrel-macos-arm64 | 0.2.0 | 25.00 | OK | |||
r-oldrel-macos-x86_64 | 0.2.0 | 37.00 | OK | |||
r-oldrel-windows-ix86+x86_64 | 0.2.0 | 10.00 | 62.00 | 72.00 | OK |
Version: 0.2.0
Check: HTML version of manual
Result: NOTE
Found the following HTML validation problems:
asym_m_ng.html:117:38: Warning: nested emphasis <code>
asym_m_ng.html:123:38: Warning: nested emphasis <code>
m_ng.html:123:38: Warning: nested emphasis <code>
m_ng.html:129:38: Warning: nested emphasis <code>
Flavors: r-devel-linux-x86_64-debian-clang, r-devel-linux-x86_64-debian-gcc, r-devel-linux-x86_64-fedora-clang, r-devel-linux-x86_64-fedora-gcc