Last updated on 2022-08-15 08:50:02 CEST.
Flavor | Version | Tinstall | Tcheck | Ttotal | Status | Flags |
---|---|---|---|---|---|---|
r-devel-linux-x86_64-debian-clang | 3.11 | 244.50 | 99.74 | 344.24 | WARN | |
r-devel-linux-x86_64-debian-gcc | 3.11 | 184.38 | 76.86 | 261.24 | OK | |
r-devel-linux-x86_64-fedora-clang | 3.11 | 518.20 | WARN | |||
r-devel-linux-x86_64-fedora-gcc | 3.11 | 455.00 | OK | |||
r-devel-windows-x86_64 | 3.11 | 175.00 | 137.00 | 312.00 | OK | |
r-patched-linux-x86_64 | 3.11 | 203.72 | 98.53 | 302.25 | OK | |
r-release-linux-x86_64 | 3.11 | 200.53 | 98.70 | 299.23 | OK | |
r-release-macos-arm64 | 3.11 | 128.00 | OK | |||
r-release-macos-x86_64 | 3.11 | 141.00 | OK | |||
r-release-windows-x86_64 | 3.11 | 171.00 | 142.00 | 313.00 | OK | |
r-oldrel-macos-arm64 | 3.11 | 110.00 | OK | |||
r-oldrel-macos-x86_64 | 3.11 | 181.00 | OK | |||
r-oldrel-windows-ix86+x86_64 | 3.11 | 567.00 | 183.00 | 750.00 | OK |
Version: 3.11
Check: whether package can be installed
Result: WARN
Found the following significant warnings:
rcpp_rmultinom.cpp:40:15: warning: use of bitwise '&' with boolean operands [-Wbitwise-instead-of-logical]
Flavors: r-devel-linux-x86_64-debian-clang, r-devel-linux-x86_64-fedora-clang