Last updated on 2022-08-15 08:50:02 CEST.
Flavor | Version | Tinstall | Tcheck | Ttotal | Status | Flags |
---|---|---|---|---|---|---|
r-devel-linux-x86_64-debian-clang | 3.3 | 5.59 | 52.56 | 58.15 | NOTE | |
r-devel-linux-x86_64-debian-gcc | 3.3 | 4.30 | 39.56 | 43.86 | NOTE | |
r-devel-linux-x86_64-fedora-clang | 3.3 | 79.75 | NOTE | |||
r-devel-linux-x86_64-fedora-gcc | 3.3 | 78.39 | NOTE | |||
r-devel-windows-x86_64 | 3.3 | 25.00 | 82.00 | 107.00 | NOTE | |
r-patched-linux-x86_64 | 3.3 | 7.31 | 48.81 | 56.12 | OK | |
r-release-linux-x86_64 | 3.3 | 5.19 | 49.03 | 54.22 | OK | |
r-release-macos-arm64 | 3.3 | 25.00 | OK | |||
r-release-macos-x86_64 | 3.3 | 41.00 | OK | |||
r-release-windows-x86_64 | 3.3 | 24.00 | 83.00 | 107.00 | OK | |
r-oldrel-macos-arm64 | 3.3 | 41.00 | OK | |||
r-oldrel-macos-x86_64 | 3.3 | 55.00 | OK | |||
r-oldrel-windows-ix86+x86_64 | 3.3 | 14.00 | 80.00 | 94.00 | OK |
Version: 3.3
Check: Rd files
Result: NOTE
checkRd: (-1) graphresU.fun.Rd:72: Escaped LaTeX specials: \&
Flavors: r-devel-linux-x86_64-debian-clang, r-devel-linux-x86_64-debian-gcc, r-devel-linux-x86_64-fedora-clang, r-devel-linux-x86_64-fedora-gcc, r-devel-windows-x86_64