Last updated on 2022-08-15 08:50:02 CEST.
Flavor | Version | Tinstall | Tcheck | Ttotal | Status | Flags |
---|---|---|---|---|---|---|
r-devel-linux-x86_64-debian-clang | 0.2.1 | 26.56 | 338.06 | 364.62 | OK | |
r-devel-linux-x86_64-debian-gcc | 0.2.1 | 19.52 | 251.99 | 271.51 | OK | |
r-devel-linux-x86_64-fedora-clang | 0.2.1 | 441.89 | NOTE | |||
r-devel-linux-x86_64-fedora-gcc | 0.2.1 | 448.98 | NOTE | |||
r-devel-windows-x86_64 | 0.2.1 | 36.00 | 352.00 | 388.00 | NOTE | |
r-patched-linux-x86_64 | 0.2.1 | 31.72 | 328.79 | 360.51 | OK | |
r-release-linux-x86_64 | 0.2.1 | 20.29 | 328.28 | 348.57 | OK | |
r-release-macos-arm64 | 0.2.1 | 130.00 | NOTE | |||
r-release-macos-x86_64 | 0.2.1 | 220.00 | NOTE | |||
r-release-windows-x86_64 | 0.2.1 | 37.00 | 366.00 | 403.00 | NOTE | |
r-oldrel-macos-arm64 | 0.2.1 | 86.00 | NOTE | |||
r-oldrel-macos-x86_64 | 0.2.1 | 167.00 | NOTE | |||
r-oldrel-windows-ix86+x86_64 | 0.2.1 | 54.00 | 359.00 | 413.00 | NOTE |
Version: 0.2.1
Check: installed package size
Result: NOTE
installed size is 5.2Mb
sub-directories of 1Mb or more:
doc 4.0Mb
Flavors: r-devel-linux-x86_64-fedora-clang, r-devel-windows-x86_64, r-release-macos-arm64, r-release-macos-x86_64, r-release-windows-x86_64, r-oldrel-macos-arm64, r-oldrel-macos-x86_64, r-oldrel-windows-ix86+x86_64
Version: 0.2.1
Check: data for non-ASCII characters
Result: NOTE
Note: found 24 marked UTF-8 strings
Flavors: r-devel-linux-x86_64-fedora-clang, r-devel-linux-x86_64-fedora-gcc, r-release-macos-arm64, r-release-macos-x86_64, r-oldrel-macos-arm64, r-oldrel-macos-x86_64