Last updated on 2022-08-15 08:50:02 CEST.
Flavor | Version | Tinstall | Tcheck | Ttotal | Status | Flags |
---|---|---|---|---|---|---|
r-devel-linux-x86_64-debian-clang | 1.0.1 | 15.24 | 124.10 | 139.34 | NOTE | |
r-devel-linux-x86_64-debian-gcc | 1.0.1 | 11.17 | 94.33 | 105.50 | NOTE | |
r-devel-linux-x86_64-fedora-clang | 1.0.1 | 182.20 | NOTE | |||
r-devel-linux-x86_64-fedora-gcc | 1.0.1 | 161.90 | NOTE | |||
r-devel-windows-x86_64 | 1.0.1 | 703.00 | 207.00 | 910.00 | NOTE | |
r-patched-linux-x86_64 | 1.0.1 | 28.32 | 116.37 | 144.69 | NOTE | |
r-release-linux-x86_64 | 1.0.1 | 14.75 | 117.09 | 131.84 | NOTE | |
r-release-macos-arm64 | 1.0.1 | 44.00 | NOTE | |||
r-release-macos-x86_64 | 1.0.1 | 70.00 | NOTE | |||
r-release-windows-x86_64 | 1.0.1 | 127.00 | 196.00 | 323.00 | NOTE | |
r-oldrel-macos-arm64 | 1.0.1 | 52.00 | NOTE | |||
r-oldrel-macos-x86_64 | 1.0.1 | 111.00 | NOTE | |||
r-oldrel-windows-ix86+x86_64 | 1.0.1 | 27.00 | 169.00 | 196.00 | NOTE |
Version: 1.0.1
Check: DESCRIPTION meta-information
Result: NOTE
Malformed Description field: should contain one or more complete sentences.
Flavors: r-devel-linux-x86_64-debian-clang, r-devel-linux-x86_64-debian-gcc, r-devel-linux-x86_64-fedora-clang, r-devel-linux-x86_64-fedora-gcc, r-devel-windows-x86_64, r-patched-linux-x86_64, r-release-linux-x86_64, r-release-macos-arm64, r-release-macos-x86_64, r-release-windows-x86_64, r-oldrel-macos-arm64, r-oldrel-macos-x86_64, r-oldrel-windows-ix86+x86_64
Version: 1.0.1
Check: data for non-ASCII characters
Result: NOTE
Note: found 170 marked UTF-8 strings
Flavors: r-devel-linux-x86_64-fedora-clang, r-devel-linux-x86_64-fedora-gcc, r-release-macos-arm64, r-release-macos-x86_64, r-oldrel-macos-arm64, r-oldrel-macos-x86_64