Last updated on 2022-08-15 08:50:02 CEST.
Flavor | Version | Tinstall | Tcheck | Ttotal | Status | Flags |
---|---|---|---|---|---|---|
r-devel-linux-x86_64-debian-clang | 0.1.2 | 17.60 | 270.99 | 288.59 | NOTE | |
r-devel-linux-x86_64-debian-gcc | 0.1.2 | 15.15 | 187.36 | 202.51 | NOTE | |
r-devel-linux-x86_64-fedora-clang | 0.1.2 | 352.15 | NOTE | |||
r-devel-linux-x86_64-fedora-gcc | 0.1.2 | 340.40 | NOTE | |||
r-devel-windows-x86_64 | 0.1.2 | 31.00 | 265.00 | 296.00 | NOTE | |
r-patched-linux-x86_64 | 0.1.2 | 16.56 | 249.63 | 266.19 | NOTE | |
r-release-linux-x86_64 | 0.1.2 | 18.08 | 252.82 | 270.90 | NOTE | |
r-release-macos-arm64 | 0.1.2 | 115.00 | NOTE | |||
r-release-macos-x86_64 | 0.1.2 | 131.00 | NOTE | |||
r-release-windows-x86_64 | 0.1.2 | 27.00 | 269.00 | 296.00 | NOTE | |
r-oldrel-macos-arm64 | 0.1.2 | 83.00 | NOTE | |||
r-oldrel-macos-x86_64 | 0.1.2 | 196.00 | NOTE | |||
r-oldrel-windows-ix86+x86_64 | 0.1.2 | 37.00 | 290.00 | 327.00 | NOTE |
Version: 0.1.2
Check: LazyData
Result: NOTE
'LazyData' is specified without a 'data' directory
Flavors: r-devel-linux-x86_64-debian-clang, r-devel-linux-x86_64-debian-gcc, r-devel-linux-x86_64-fedora-clang, r-devel-linux-x86_64-fedora-gcc, r-devel-windows-x86_64, r-patched-linux-x86_64, r-release-linux-x86_64, r-release-macos-arm64, r-release-macos-x86_64, r-release-windows-x86_64, r-oldrel-macos-arm64, r-oldrel-macos-x86_64, r-oldrel-windows-ix86+x86_64