Last updated on 2022-08-15 08:50:02 CEST.
Flavor | Version | Tinstall | Tcheck | Ttotal | Status | Flags |
---|---|---|---|---|---|---|
r-devel-linux-x86_64-debian-clang | 0.24.0 | 34.94 | 601.63 | 636.57 | NOTE | |
r-devel-linux-x86_64-debian-gcc | 0.24.0 | 25.17 | 449.85 | 475.02 | NOTE | |
r-devel-linux-x86_64-fedora-clang | 0.24.0 | 858.59 | NOTE | |||
r-devel-linux-x86_64-fedora-gcc | 0.24.0 | 891.42 | NOTE | |||
r-devel-windows-x86_64 | 0.24.0 | 189.00 | 744.00 | 933.00 | NOTE | |
r-patched-linux-x86_64 | 0.24.0 | 42.24 | 563.29 | 605.53 | OK | |
r-release-linux-x86_64 | 0.24.0 | 31.75 | 578.09 | 609.84 | OK | |
r-release-macos-arm64 | 0.24.0 | 291.00 | NOTE | |||
r-release-macos-x86_64 | 0.24.0 | 471.00 | NOTE | |||
r-release-windows-x86_64 | 0.24.0 | 134.00 | 709.00 | 843.00 | OK | |
r-oldrel-macos-arm64 | 0.24.0 | 253.00 | NOTE | |||
r-oldrel-macos-x86_64 | 0.24.0 | 318.00 | NOTE | |||
r-oldrel-windows-ix86+x86_64 | 0.24.0 | 73.00 | 811.00 | 884.00 | OK |
Version: 0.24.0
Check: Rd files
Result: NOTE
checkRd: (-1) Frobenius-nmf.Rd:141: Escaped LaTeX specials: \#
checkRd: (-1) KL-nmf.Rd:158: Escaped LaTeX specials: \#
checkRd: (-1) NMFStrategyIterative-class.Rd:69: Escaped LaTeX specials: \#
checkRd: (-1) NMFstd-class.Rd:179: Escaped LaTeX specials: \#
checkRd: (-1) nmf.Rd:755: Escaped LaTeX specials: \#
checkRd: (-1) nmf_update_KL.Rd:87: Escaped LaTeX specials: \#
checkRd: (-1) nmf_update_euclidean.Rd:97: Escaped LaTeX specials: \#
checkRd: (-1) offset-nmf.Rd:144: Escaped LaTeX specials: \#
Flavors: r-devel-linux-x86_64-debian-clang, r-devel-linux-x86_64-debian-gcc, r-devel-linux-x86_64-fedora-clang, r-devel-linux-x86_64-fedora-gcc, r-devel-windows-x86_64
Version: 0.24.0
Check: dependencies in R code
Result: NOTE
Namespace in Imports field not imported from: ‘BiocManager’
All declared Imports should be used.
Flavors: r-devel-linux-x86_64-fedora-clang, r-devel-linux-x86_64-fedora-gcc, r-release-macos-arm64, r-release-macos-x86_64, r-oldrel-macos-arm64, r-oldrel-macos-x86_64
Version: 0.24.0
Check: package dependencies
Result: NOTE
Package suggested but not available for checking: ‘doMPI’
Flavors: r-release-macos-arm64, r-release-macos-x86_64, r-oldrel-macos-arm64, r-oldrel-macos-x86_64