Last updated on 2022-08-15 08:50:02 CEST.
Flavor | Version | Tinstall | Tcheck | Ttotal | Status | Flags |
---|---|---|---|---|---|---|
r-devel-linux-x86_64-debian-clang | 2.5-1 | 8.70 | 176.26 | 184.96 | NOTE | |
r-devel-linux-x86_64-debian-gcc | 2.5-1 | 6.22 | 129.24 | 135.46 | NOTE | |
r-devel-linux-x86_64-fedora-clang | 2.5-1 | 244.40 | NOTE | |||
r-devel-linux-x86_64-fedora-gcc | 2.5-1 | 255.52 | NOTE | |||
r-devel-windows-x86_64 | 2.5-1 | 178.00 | 348.00 | 526.00 | OK | |
r-patched-linux-x86_64 | 2.5-1 | 8.98 | 167.76 | 176.74 | OK | |
r-release-linux-x86_64 | 2.5-1 | 6.38 | 168.86 | 175.24 | OK | |
r-release-macos-arm64 | 2.5-1 | 118.00 | OK | |||
r-release-macos-x86_64 | 2.5-1 | 145.00 | OK | |||
r-release-windows-x86_64 | 2.5-1 | 142.00 | 344.00 | 486.00 | OK | |
r-oldrel-macos-arm64 | 2.5-1 | 113.00 | OK | |||
r-oldrel-macos-x86_64 | 2.5-1 | 153.00 | OK | |||
r-oldrel-windows-ix86+x86_64 | 2.5-1 | 14.00 | 271.00 | 285.00 | OK |
Version: 2.5-1
Check: HTML version of manual
Result: NOTE
Found the following math rendering problems:
pm.Rd:35: Undefined control sequence: \emph in \emph{x}
pm.Rd:35: Undefined control sequence: \emph in \emph{n}
pm.Rd:46: Undefined control sequence: \emph in \emph{t}
pm.Rd:47: Undefined control sequence: \emph in \emph{e}
Flavors: r-devel-linux-x86_64-debian-clang, r-devel-linux-x86_64-debian-gcc, r-devel-linux-x86_64-fedora-clang, r-devel-linux-x86_64-fedora-gcc