Last updated on 2022-08-15 08:50:02 CEST.
Flavor | Version | Tinstall | Tcheck | Ttotal | Status | Flags |
---|---|---|---|---|---|---|
r-devel-linux-x86_64-debian-clang | 1.2.0 | 3.05 | 31.57 | 34.62 | NOTE | |
r-devel-linux-x86_64-debian-gcc | 1.2.0 | 2.50 | 24.48 | 26.98 | NOTE | |
r-devel-linux-x86_64-fedora-clang | 1.2.0 | 52.43 | NOTE | |||
r-devel-linux-x86_64-fedora-gcc | 1.2.0 | 51.76 | NOTE | |||
r-devel-windows-x86_64 | 1.2.0 | 18.00 | 55.00 | 73.00 | NOTE | |
r-patched-linux-x86_64 | 1.2.0 | 3.59 | 30.24 | 33.83 | NOTE | |
r-release-linux-x86_64 | 1.2.0 | 3.25 | 30.08 | 33.33 | NOTE | |
r-release-macos-arm64 | 1.2.0 | 19.00 | NOTE | |||
r-release-macos-x86_64 | 1.2.0 | 26.00 | NOTE | |||
r-release-windows-x86_64 | 1.2.0 | 26.00 | 58.00 | 84.00 | NOTE | |
r-oldrel-macos-arm64 | 1.2.0 | 25.00 | NOTE | |||
r-oldrel-macos-x86_64 | 1.2.0 | 31.00 | NOTE | |||
r-oldrel-windows-ix86+x86_64 | 1.2.0 | 8.00 | 52.00 | 60.00 | NOTE |
Version: 1.2.0
Check: LazyData
Result: NOTE
'LazyData' is specified without a 'data' directory
Flavors: r-devel-linux-x86_64-debian-clang, r-devel-linux-x86_64-debian-gcc, r-devel-linux-x86_64-fedora-clang, r-devel-linux-x86_64-fedora-gcc, r-devel-windows-x86_64, r-patched-linux-x86_64, r-release-linux-x86_64, r-release-macos-arm64, r-release-macos-x86_64, r-release-windows-x86_64, r-oldrel-macos-arm64, r-oldrel-macos-x86_64, r-oldrel-windows-ix86+x86_64