Last updated on 2022-08-15 08:50:02 CEST.
Flavor | Version | Tinstall | Tcheck | Ttotal | Status | Flags |
---|---|---|---|---|---|---|
r-devel-linux-x86_64-debian-clang | 1.0.4 | 5.23 | 27.19 | 32.42 | OK | |
r-devel-linux-x86_64-debian-gcc | 1.0.4 | 4.38 | 21.65 | 26.03 | OK | |
r-devel-linux-x86_64-fedora-clang | 1.0.4 | 50.33 | NOTE | |||
r-devel-linux-x86_64-fedora-gcc | 1.0.4 | 49.20 | NOTE | |||
r-devel-windows-x86_64 | 1.0.4 | 31.00 | 56.00 | 87.00 | NOTE | |
r-patched-linux-x86_64 | 1.0.4 | 3.68 | 26.92 | 30.60 | OK | |
r-release-linux-x86_64 | 1.0.4 | 4.72 | 26.86 | 31.58 | OK | |
r-release-macos-arm64 | 1.0.4 | 19.00 | NOTE | |||
r-release-macos-x86_64 | 1.0.4 | 28.00 | NOTE | |||
r-release-windows-x86_64 | 1.0.4 | 52.00 | 60.00 | 112.00 | NOTE | |
r-oldrel-macos-arm64 | 1.0.4 | 24.00 | NOTE | |||
r-oldrel-macos-x86_64 | 1.0.4 | 33.00 | NOTE | |||
r-oldrel-windows-ix86+x86_64 | 1.0.4 | 10.00 | 64.00 | 74.00 | NOTE |
Version: 1.0.4
Check: installed package size
Result: NOTE
installed size is 5.8Mb
sub-directories of 1Mb or more:
data 4.0Mb
doc 1.7Mb
Flavors: r-devel-linux-x86_64-fedora-clang, r-devel-windows-x86_64, r-release-macos-arm64, r-release-macos-x86_64, r-release-windows-x86_64, r-oldrel-macos-arm64, r-oldrel-macos-x86_64, r-oldrel-windows-ix86+x86_64
Version: 1.0.4
Check: dependencies in R code
Result: NOTE
Namespace in Imports field not imported from: ‘tuneR’
All declared Imports should be used.
Flavors: r-devel-linux-x86_64-fedora-clang, r-devel-linux-x86_64-fedora-gcc, r-release-macos-arm64, r-release-macos-x86_64, r-oldrel-macos-arm64, r-oldrel-macos-x86_64