Last updated on 2022-08-15 08:50:02 CEST.
Flavor | Version | Tinstall | Tcheck | Ttotal | Status | Flags |
---|---|---|---|---|---|---|
r-devel-linux-x86_64-debian-clang | 1.2.1 | 157.10 | 59.46 | 216.56 | NOTE | |
r-devel-linux-x86_64-debian-gcc | 1.2.1 | 120.46 | 45.15 | 165.61 | NOTE | |
r-devel-linux-x86_64-fedora-clang | 1.2.1 | 330.46 | NOTE | |||
r-devel-linux-x86_64-fedora-gcc | 1.2.1 | 299.01 | NOTE | |||
r-devel-windows-x86_64 | 1.2.1 | 250.00 | 102.00 | 352.00 | NOTE | |
r-patched-linux-x86_64 | 1.2.1 | 137.52 | 56.52 | 194.04 | NOTE | |
r-release-linux-x86_64 | 1.2.1 | 131.04 | 57.20 | 188.24 | NOTE | |
r-release-macos-arm64 | 1.2.1 | 72.00 | NOTE | |||
r-release-macos-x86_64 | 1.2.1 | 132.00 | NOTE | |||
r-release-windows-x86_64 | 1.2.1 | 507.00 | 103.00 | 610.00 | NOTE | |
r-oldrel-macos-arm64 | 1.2.1 | 89.00 | NOTE | |||
r-oldrel-macos-x86_64 | 1.2.1 | 153.00 | NOTE | |||
r-oldrel-windows-ix86+x86_64 | 1.2.1 | 385.00 | 125.00 | 510.00 | WARN |
Version: 1.2.1
Check: LazyData
Result: NOTE
'LazyData' is specified without a 'data' directory
Flavors: r-devel-linux-x86_64-debian-clang, r-devel-linux-x86_64-debian-gcc, r-devel-linux-x86_64-fedora-clang, r-devel-linux-x86_64-fedora-gcc, r-devel-windows-x86_64, r-patched-linux-x86_64, r-release-linux-x86_64, r-release-macos-arm64, r-release-macos-x86_64, r-release-windows-x86_64, r-oldrel-macos-arm64, r-oldrel-macos-x86_64, r-oldrel-windows-ix86+x86_64
Version: 1.2.1
Check: for GNU extensions in Makefiles
Result: NOTE
GNU make is a SystemRequirements.
Flavors: r-devel-linux-x86_64-debian-clang, r-devel-linux-x86_64-debian-gcc, r-devel-linux-x86_64-fedora-clang, r-devel-linux-x86_64-fedora-gcc, r-devel-windows-x86_64, r-patched-linux-x86_64, r-release-linux-x86_64, r-release-macos-arm64, r-release-macos-x86_64, r-release-windows-x86_64, r-oldrel-macos-arm64, r-oldrel-macos-x86_64, r-oldrel-windows-ix86+x86_64
Version: 1.2.1
Check: installed package size
Result: NOTE
installed size is 5.6Mb
sub-directories of 1Mb or more:
libs 4.9Mb
Flavor: r-oldrel-macos-arm64
Version: 1.2.1
Check: whether package can be installed
Result: WARN
Found the following significant warnings:
generateData.cpp:105:18: warning: passing NULL to non-pointer argument 1 of 'Rcpp::Vector<RTYPE, StoragePolicy>::Vector(const int&) [with int RTYPE = 19; StoragePolicy = Rcpp::PreserveStorage]' [-Wconversion-null]
Flavor: r-oldrel-windows-ix86+x86_64