Last updated on 2022-08-15 08:50:02 CEST.
Flavor | Version | Tinstall | Tcheck | Ttotal | Status | Flags |
---|---|---|---|---|---|---|
r-devel-linux-x86_64-debian-clang | 0.3.10 | 49.12 | 408.90 | 458.02 | NOTE | |
r-devel-linux-x86_64-debian-gcc | 0.3.10 | 34.61 | 298.79 | 333.40 | NOTE | |
r-devel-linux-x86_64-fedora-clang | 0.3.10 | 546.22 | NOTE | |||
r-devel-linux-x86_64-fedora-gcc | 0.3.10 | 572.16 | NOTE | |||
r-devel-windows-x86_64 | 0.3.10 | 196.00 | 444.00 | 640.00 | NOTE | |
r-patched-linux-x86_64 | 0.3.10 | 46.71 | 382.51 | 429.22 | NOTE | |
r-release-linux-x86_64 | 0.3.10 | 32.28 | 379.35 | 411.63 | NOTE | |
r-release-macos-arm64 | 0.3.10 | 124.00 | NOTE | |||
r-release-macos-x86_64 | 0.3.10 | 238.00 | NOTE | |||
r-release-windows-x86_64 | 0.3.10 | 259.00 | 443.00 | 702.00 | NOTE | |
r-oldrel-macos-arm64 | 0.3.10 | 110.00 | NOTE | |||
r-oldrel-macos-x86_64 | 0.3.10 | 158.00 | NOTE | |||
r-oldrel-windows-ix86+x86_64 | 0.3.10 | 101.00 | 419.00 | 520.00 | NOTE |
Version: 0.3.10
Check: package dependencies
Result: NOTE
Package suggested but not available for checking: 'fastshp'
Flavors: r-devel-linux-x86_64-debian-clang, r-devel-linux-x86_64-debian-gcc, r-devel-linux-x86_64-fedora-clang, r-devel-linux-x86_64-fedora-gcc, r-devel-windows-x86_64, r-patched-linux-x86_64, r-release-linux-x86_64, r-release-macos-arm64, r-release-macos-x86_64, r-release-windows-x86_64, r-oldrel-macos-arm64, r-oldrel-macos-x86_64, r-oldrel-windows-ix86+x86_64
Version: 0.3.10
Check: package subdirectories
Result: NOTE
Problems with news in 'NEWS.md':
Cannot extract version info from the following section titles:
Dependency changes
Bugfixes
Flavors: r-devel-linux-x86_64-debian-clang, r-devel-linux-x86_64-debian-gcc, r-devel-linux-x86_64-fedora-clang, r-devel-linux-x86_64-fedora-gcc, r-devel-windows-x86_64