Last updated on 2022-08-15 08:50:02 CEST.
Flavor | Version | Tinstall | Tcheck | Ttotal | Status | Flags |
---|---|---|---|---|---|---|
r-devel-linux-x86_64-debian-clang | 1.4.5 | 134.40 | 55.73 | 190.13 | OK | |
r-devel-linux-x86_64-debian-gcc | 1.4.5 | 108.94 | 43.69 | 152.63 | OK | |
r-devel-linux-x86_64-fedora-clang | 1.4.5 | 289.96 | OK | |||
r-devel-linux-x86_64-fedora-gcc | 1.4.5 | 275.72 | OK | |||
r-devel-windows-x86_64 | 1.4.5 | 169.00 | 102.00 | 271.00 | OK | |
r-patched-linux-x86_64 | 1.4.5 | 123.08 | 54.72 | 177.80 | OK | |
r-release-linux-x86_64 | 1.4.5 | 117.00 | 56.68 | 173.68 | OK | |
r-release-macos-arm64 | 1.4.5 | 67.00 | NOTE | |||
r-release-macos-x86_64 | 1.4.5 | 83.00 | NOTE | |||
r-release-windows-x86_64 | 1.4.5 | 113.00 | 103.00 | 216.00 | OK | |
r-oldrel-macos-arm64 | 1.4.5 | 75.00 | NOTE | |||
r-oldrel-macos-x86_64 | 1.4.5 | 119.00 | NOTE | |||
r-oldrel-windows-ix86+x86_64 | 1.4.5 | 324.00 | 110.00 | 434.00 | OK |
Version: 1.4.5
Check: installed package size
Result: NOTE
installed size is 8.3Mb
sub-directories of 1Mb or more:
libs 8.1Mb
Flavors: r-release-macos-arm64, r-release-macos-x86_64, r-oldrel-macos-arm64, r-oldrel-macos-x86_64