Last updated on 2022-08-15 08:50:02 CEST.
Flavor | Version | Tinstall | Tcheck | Ttotal | Status | Flags |
---|---|---|---|---|---|---|
r-devel-linux-x86_64-debian-clang | 1.8 | 10.86 | 84.21 | 95.07 | NOTE | |
r-devel-linux-x86_64-debian-gcc | 1.8 | 9.11 | 64.02 | 73.13 | NOTE | |
r-devel-linux-x86_64-fedora-clang | 1.8 | 126.70 | NOTE | |||
r-devel-linux-x86_64-fedora-gcc | 1.8 | 128.59 | NOTE | |||
r-devel-windows-x86_64 | 1.8 | 15.00 | 105.00 | 120.00 | NOTE | |
r-patched-linux-x86_64 | 1.8 | 11.48 | 81.53 | 93.01 | OK | |
r-release-linux-x86_64 | 1.8 | 9.42 | 82.36 | 91.78 | OK | |
r-release-macos-arm64 | 1.8 | 34.00 | OK | |||
r-release-macos-x86_64 | 1.8 | 47.00 | OK | |||
r-release-windows-x86_64 | 1.8 | 38.00 | 107.00 | 145.00 | OK | |
r-oldrel-macos-arm64 | 1.8 | 40.00 | OK | |||
r-oldrel-macos-x86_64 | 1.8 | 66.00 | OK | |||
r-oldrel-windows-ix86+x86_64 | 1.8 | 21.00 | 107.00 | 128.00 | OK |
Version: 1.8
Check: Rd files
Result: NOTE
checkRd: (-1) dataca20.Rd:23: Escaped LaTeX specials: \~
checkRd: (-1) dataca20.Rd:23: Escaped LaTeX specials: \^
Flavors: r-devel-linux-x86_64-debian-clang, r-devel-linux-x86_64-debian-gcc, r-devel-linux-x86_64-fedora-clang, r-devel-linux-x86_64-fedora-gcc, r-devel-windows-x86_64