Last updated on 2022-08-15 08:50:02 CEST.
Flavor | Version | Tinstall | Tcheck | Ttotal | Status | Flags |
---|---|---|---|---|---|---|
r-devel-linux-x86_64-debian-clang | 1.3.2 | 2.95 | 35.44 | 38.39 | NOTE | |
r-devel-linux-x86_64-debian-gcc | 1.3.2 | 2.65 | 27.58 | 30.23 | NOTE | |
r-devel-linux-x86_64-fedora-clang | 1.3.2 | 58.88 | NOTE | |||
r-devel-linux-x86_64-fedora-gcc | 1.3.2 | 59.16 | NOTE | |||
r-devel-windows-x86_64 | 1.3.2 | 26.00 | 63.00 | 89.00 | NOTE | |
r-patched-linux-x86_64 | 1.3.2 | 4.22 | 34.85 | 39.07 | NOTE | |
r-release-linux-x86_64 | 1.3.2 | 2.95 | 34.63 | 37.58 | NOTE | |
r-release-macos-arm64 | 1.3.2 | 22.00 | NOTE | |||
r-release-macos-x86_64 | 1.3.2 | 27.00 | NOTE | |||
r-release-windows-x86_64 | 1.3.2 | 30.00 | 63.00 | 93.00 | NOTE | |
r-oldrel-macos-arm64 | 1.3.2 | 23.00 | NOTE | |||
r-oldrel-macos-x86_64 | 1.3.2 | 35.00 | NOTE | |||
r-oldrel-windows-ix86+x86_64 | 1.3.2 | 7.00 | 54.00 | 61.00 | NOTE |
Version: 1.3.2
Check: LazyData
Result: NOTE
'LazyData' is specified without a 'data' directory
Flavors: r-devel-linux-x86_64-debian-clang, r-devel-linux-x86_64-debian-gcc, r-devel-linux-x86_64-fedora-clang, r-devel-linux-x86_64-fedora-gcc, r-devel-windows-x86_64, r-patched-linux-x86_64, r-release-linux-x86_64, r-release-macos-arm64, r-release-macos-x86_64, r-release-windows-x86_64, r-oldrel-macos-arm64, r-oldrel-macos-x86_64, r-oldrel-windows-ix86+x86_64