Last updated on 2022-08-15 08:50:02 CEST.
Flavor | Version | Tinstall | Tcheck | Ttotal | Status | Flags |
---|---|---|---|---|---|---|
r-devel-linux-x86_64-debian-clang | 0.1.0 | 2.50 | 23.81 | 26.31 | OK | |
r-devel-linux-x86_64-debian-gcc | 0.1.0 | 1.70 | 18.62 | 20.32 | OK | |
r-devel-linux-x86_64-fedora-clang | 0.1.0 | 42.56 | NOTE | |||
r-devel-linux-x86_64-fedora-gcc | 0.1.0 | 43.37 | NOTE | |||
r-devel-windows-x86_64 | 0.1.0 | 14.00 | 49.00 | 63.00 | OK | |
r-patched-linux-x86_64 | 0.1.0 | 2.09 | 23.39 | 25.48 | OK | |
r-release-linux-x86_64 | 0.1.0 | 1.82 | 23.33 | 25.15 | OK | |
r-release-macos-arm64 | 0.1.0 | 15.00 | NOTE | |||
r-release-macos-x86_64 | 0.1.0 | 26.00 | NOTE | |||
r-release-windows-x86_64 | 0.1.0 | 5.00 | 47.00 | 52.00 | OK | |
r-oldrel-macos-arm64 | 0.1.0 | 14.00 | NOTE | |||
r-oldrel-macos-x86_64 | 0.1.0 | 22.00 | NOTE | |||
r-oldrel-windows-ix86+x86_64 | 0.1.0 | 6.00 | 43.00 | 49.00 | OK |
Version: 0.1.0
Check: dependencies in R code
Result: NOTE
Namespace in Imports field not imported from: ‘ggplot2’
All declared Imports should be used.
Flavors: r-devel-linux-x86_64-fedora-clang, r-devel-linux-x86_64-fedora-gcc, r-release-macos-arm64, r-release-macos-x86_64, r-oldrel-macos-arm64, r-oldrel-macos-x86_64