Last updated on 2022-08-15 08:50:02 CEST.
Flavor | Version | Tinstall | Tcheck | Ttotal | Status | Flags |
---|---|---|---|---|---|---|
r-devel-linux-x86_64-debian-clang | 0.3 | 9.25 | 115.06 | 124.31 | NOTE | |
r-devel-linux-x86_64-debian-gcc | 0.3 | 9.03 | 85.32 | 94.35 | NOTE | |
r-devel-linux-x86_64-fedora-clang | 0.3 | 155.11 | NOTE | |||
r-devel-linux-x86_64-fedora-gcc | 0.3 | 158.13 | NOTE | |||
r-devel-windows-x86_64 | 0.3 | 15.00 | 132.00 | 147.00 | NOTE | |
r-patched-linux-x86_64 | 0.3 | 11.49 | 106.46 | 117.95 | NOTE | |
r-release-linux-x86_64 | 0.3 | 9.34 | 106.44 | 115.78 | NOTE | |
r-release-macos-arm64 | 0.3 | 40.00 | NOTE | |||
r-release-macos-x86_64 | 0.3 | 78.00 | NOTE | |||
r-release-windows-x86_64 | 0.3 | 17.00 | 132.00 | 149.00 | NOTE | |
r-oldrel-macos-arm64 | 0.3 | 52.00 | NOTE | |||
r-oldrel-macos-x86_64 | 0.3 | 77.00 | NOTE | |||
r-oldrel-windows-ix86+x86_64 | 0.3 | 26.00 | 139.00 | 165.00 | NOTE |
Version: 0.3
Check: LazyData
Result: NOTE
'LazyData' is specified without a 'data' directory
Flavors: r-devel-linux-x86_64-debian-clang, r-devel-linux-x86_64-debian-gcc, r-devel-linux-x86_64-fedora-clang, r-devel-linux-x86_64-fedora-gcc, r-devel-windows-x86_64, r-patched-linux-x86_64, r-release-linux-x86_64, r-release-macos-arm64, r-release-macos-x86_64, r-release-windows-x86_64, r-oldrel-macos-arm64, r-oldrel-macos-x86_64, r-oldrel-windows-ix86+x86_64
Version: 0.3
Check: dependencies in R code
Result: NOTE
Namespaces in Imports field not imported from:
‘randomForest’ ‘ranger’
All declared Imports should be used.
Flavors: r-devel-linux-x86_64-fedora-clang, r-devel-linux-x86_64-fedora-gcc, r-release-macos-arm64, r-release-macos-x86_64, r-oldrel-macos-arm64, r-oldrel-macos-x86_64