Last updated on 2022-08-15 08:50:03 CEST.
Flavor | Version | Tinstall | Tcheck | Ttotal | Status | Flags |
---|---|---|---|---|---|---|
r-devel-linux-x86_64-debian-gcc | 1.0.0 | 4.40 | 52.95 | 57.35 | OK | |
r-devel-linux-x86_64-fedora-clang | 1.0.0 | 100.71 | NOTE | |||
r-devel-linux-x86_64-fedora-gcc | 1.0.0 | 107.26 | OK | |||
r-devel-windows-x86_64 | 1.0.0 | 41.00 | 108.00 | 149.00 | OK | |
r-patched-linux-x86_64 | 1.0.0 | 14.80 | 66.39 | 81.19 | OK | |
r-release-linux-x86_64 | 1.0.0 | 5.81 | 67.86 | 73.67 | OK | |
r-release-macos-arm64 | 1.0.0 | 29.00 | OK | |||
r-release-macos-x86_64 | 1.0.0 | 41.00 | OK | |||
r-release-windows-x86_64 | 1.0.0 | 53.00 | 120.00 | 173.00 | OK | |
r-oldrel-macos-arm64 | 1.0.0 | 28.00 | OK | |||
r-oldrel-macos-x86_64 | 1.0.0 | 44.00 | OK |
Version: 1.0.0
Check: Rd cross-references
Result: NOTE
Undeclared package ‘knitr’ in Rd xrefs
Flavor: r-devel-linux-x86_64-fedora-clang