Last updated on 2022-08-15 08:50:02 CEST.
Flavor | Version | Tinstall | Tcheck | Ttotal | Status | Flags |
---|---|---|---|---|---|---|
r-devel-linux-x86_64-debian-clang | 1.0.2 | 6.41 | 71.96 | 78.37 | OK | |
r-devel-linux-x86_64-debian-gcc | 1.0.2 | 4.80 | 54.35 | 59.15 | OK | |
r-devel-linux-x86_64-fedora-clang | 1.0.2 | 101.32 | NOTE | |||
r-devel-linux-x86_64-fedora-gcc | 1.0.2 | 105.36 | NOTE | |||
r-devel-windows-x86_64 | 1.0.2 | 14.00 | 100.00 | 114.00 | OK | |
r-patched-linux-x86_64 | 1.0.2 | 5.60 | 69.60 | 75.20 | OK | |
r-release-linux-x86_64 | 1.0.2 | 4.80 | 68.29 | 73.09 | OK | |
r-release-macos-arm64 | 1.0.2 | 32.00 | NOTE | |||
r-release-macos-x86_64 | 1.0.2 | 53.00 | NOTE | |||
r-release-windows-x86_64 | 1.0.2 | 16.00 | 99.00 | 115.00 | OK | |
r-oldrel-macos-arm64 | 1.0.2 | 36.00 | NOTE | |||
r-oldrel-macos-x86_64 | 1.0.2 | 43.00 | NOTE | |||
r-oldrel-windows-ix86+x86_64 | 1.0.2 | 16.00 | 92.00 | 108.00 | OK |
Version: 1.0.2
Check: dependencies in R code
Result: NOTE
Namespaces in Imports field not imported from:
‘caret’ ‘e1071’ ‘ggthemes’ ‘mlbench’ ‘rmarkdown’ ‘tidymodels’
All declared Imports should be used.
Flavors: r-devel-linux-x86_64-fedora-clang, r-devel-linux-x86_64-fedora-gcc, r-release-macos-arm64, r-release-macos-x86_64, r-oldrel-macos-arm64, r-oldrel-macos-x86_64