Last updated on 2022-08-15 08:50:02 CEST.
Flavor | Version | Tinstall | Tcheck | Ttotal | Status | Flags |
---|---|---|---|---|---|---|
r-devel-linux-x86_64-debian-clang | 0.8-6 | 187.24 | 278.31 | 465.55 | NOTE | |
r-devel-linux-x86_64-debian-gcc | 0.8-6 | 153.95 | 208.44 | 362.39 | NOTE | |
r-devel-linux-x86_64-fedora-clang | 0.8-6 | 546.21 | NOTE | |||
r-devel-linux-x86_64-fedora-gcc | 0.8-6 | 581.00 | NOTE | |||
r-devel-windows-x86_64 | 0.8-6 | 170.00 | 336.00 | 506.00 | NOTE | |
r-patched-linux-x86_64 | 0.8-6 | 155.47 | 264.72 | 420.19 | NOTE | |
r-release-linux-x86_64 | 0.8-6 | 119.58 | 266.31 | 385.89 | NOTE | |
r-release-macos-arm64 | 0.8-6 | 168.00 | NOTE | |||
r-release-macos-x86_64 | 0.8-6 | 222.00 | NOTE | |||
r-release-windows-x86_64 | 0.8-6 | 168.00 | 329.00 | 497.00 | NOTE | |
r-oldrel-macos-arm64 | 0.8-6 | 147.00 | NOTE | |||
r-oldrel-macos-x86_64 | 0.8-6 | 205.00 | NOTE | |||
r-oldrel-windows-ix86+x86_64 | 0.8-6 | 362.00 | 525.00 | 887.00 | NOTE |
Version: 0.8-6
Check: package dependencies
Result: NOTE
Package suggested but not available for checking: 'cmdstanr'
Flavors: r-devel-linux-x86_64-debian-clang, r-devel-linux-x86_64-debian-gcc, r-devel-linux-x86_64-fedora-clang, r-devel-linux-x86_64-fedora-gcc, r-devel-windows-x86_64, r-patched-linux-x86_64, r-release-linux-x86_64, r-release-macos-arm64, r-release-macos-x86_64, r-release-windows-x86_64, r-oldrel-macos-arm64, r-oldrel-macos-x86_64, r-oldrel-windows-ix86+x86_64
Version: 0.8-6
Check: for GNU extensions in Makefiles
Result: NOTE
GNU make is a SystemRequirements.
Flavors: r-devel-linux-x86_64-debian-clang, r-devel-linux-x86_64-debian-gcc, r-devel-linux-x86_64-fedora-clang, r-devel-linux-x86_64-fedora-gcc, r-devel-windows-x86_64, r-patched-linux-x86_64, r-release-linux-x86_64, r-release-macos-arm64, r-release-macos-x86_64, r-release-windows-x86_64, r-oldrel-macos-arm64, r-oldrel-macos-x86_64, r-oldrel-windows-ix86+x86_64
Version: 0.8-6
Check: installed package size
Result: NOTE
installed size is 43.5Mb
sub-directories of 1Mb or more:
libs 42.2Mb
Flavors: r-release-macos-arm64, r-release-macos-x86_64, r-oldrel-macos-arm64, r-oldrel-macos-x86_64, r-oldrel-windows-ix86+x86_64