Last updated on 2022-08-15 08:50:02 CEST.
Flavor | Version | Tinstall | Tcheck | Ttotal | Status | Flags |
---|---|---|---|---|---|---|
r-devel-linux-x86_64-debian-clang | 0.2-2 | 4.03 | 30.24 | 34.27 | OK | |
r-devel-linux-x86_64-debian-gcc | 0.2-2 | 2.69 | 23.04 | 25.73 | OK | |
r-devel-windows-x86_64 | 0.2-2 | 3.00 | 5.00 | 8.00 | ERROR | |
r-patched-linux-x86_64 | 0.2-2 | 3.68 | 30.10 | 33.78 | OK | |
r-release-linux-x86_64 | 0.2-2 | 3.26 | 29.75 | 33.01 | OK | |
r-release-macos-arm64 | 0.2-2 | 6.00 | ERROR | |||
r-release-macos-x86_64 | 0.2-2 | 7.00 | ERROR | |||
r-release-windows-x86_64 | 0.2-2 | 1.00 | 4.00 | 5.00 | ERROR | |
r-oldrel-macos-arm64 | 0.2-2 | 10.00 | ERROR | |||
r-oldrel-macos-x86_64 | 0.2-2 | 12.00 | ERROR |
Version: 0.2-2
Check: whether package can be installed
Result: ERROR
Installation failed.
Flavors: r-devel-windows-x86_64, r-release-macos-arm64, r-release-macos-x86_64, r-release-windows-x86_64, r-oldrel-macos-arm64, r-oldrel-macos-x86_64