Last updated on 2022-08-15 08:50:02 CEST.
Flavor | Version | Tinstall | Tcheck | Ttotal | Status | Flags |
---|---|---|---|---|---|---|
r-devel-linux-x86_64-debian-clang | 1.10 | 8.43 | 87.69 | 96.12 | ERROR | |
r-devel-linux-x86_64-debian-gcc | 1.10 | 7.73 | 66.27 | 74.00 | ERROR | |
r-devel-linux-x86_64-fedora-clang | 1.10 | 128.91 | ERROR | |||
r-devel-linux-x86_64-fedora-gcc | 1.10 | 126.22 | ERROR | |||
r-devel-windows-x86_64 | 1.10 | 44.00 | 114.00 | 158.00 | ERROR | |
r-patched-linux-x86_64 | 1.10 | 9.81 | 74.80 | 84.61 | NOTE | |
r-release-linux-x86_64 | 1.10 | 10.21 | 77.71 | 87.92 | NOTE | |
r-release-macos-arm64 | 1.10 | 26.00 | NOTE | |||
r-release-macos-x86_64 | 1.10 | 45.00 | NOTE | |||
r-release-windows-x86_64 | 1.10 | 42.00 | 111.00 | 153.00 | NOTE | |
r-oldrel-macos-arm64 | 1.10 | 34.00 | NOTE | |||
r-oldrel-macos-x86_64 | 1.10 | 51.00 | NOTE | |||
r-oldrel-windows-ix86+x86_64 | 1.10 | 20.00 | 99.00 | 119.00 | NOTE |
Version: 1.10
Check: LazyData
Result: NOTE
'LazyData' is specified without a 'data' directory
Flavors: r-devel-linux-x86_64-debian-clang, r-devel-linux-x86_64-debian-gcc, r-devel-linux-x86_64-fedora-clang, r-devel-linux-x86_64-fedora-gcc, r-devel-windows-x86_64, r-patched-linux-x86_64, r-release-linux-x86_64, r-release-macos-arm64, r-release-macos-x86_64, r-release-windows-x86_64, r-oldrel-macos-arm64, r-oldrel-macos-x86_64, r-oldrel-windows-ix86+x86_64
Version: 1.10
Check: PDF version of manual
Result: WARN
LaTeX errors when creating PDF version.
This typically indicates Rd problems.
LaTeX errors found:
! LaTeX Error: There's no line here to end.
See the LaTeX manual or LaTeX Companion for explanation.
Type H <return> for immediate help.
...
Flavors: r-devel-linux-x86_64-debian-clang, r-devel-linux-x86_64-debian-gcc, r-devel-linux-x86_64-fedora-clang, r-devel-linux-x86_64-fedora-gcc, r-devel-windows-x86_64
Version: 1.10
Check: PDF version of manual without index
Result: ERROR
Flavors: r-devel-linux-x86_64-debian-clang, r-devel-linux-x86_64-debian-gcc, r-devel-linux-x86_64-fedora-clang, r-devel-linux-x86_64-fedora-gcc, r-devel-windows-x86_64
Version: 1.10
Check: for non-standard things in the check directory
Result: NOTE
Found the following files/directories:
'OpenML-manual.tex'
Flavors: r-devel-linux-x86_64-debian-clang, r-devel-linux-x86_64-debian-gcc, r-devel-linux-x86_64-fedora-clang, r-devel-linux-x86_64-fedora-gcc