Last updated on 2022-08-15 08:50:02 CEST.
Flavor | Version | Tinstall | Tcheck | Ttotal | Status | Flags |
---|---|---|---|---|---|---|
r-devel-linux-x86_64-debian-clang | 0.5.1 | 9.00 | 82.80 | 91.80 | OK | |
r-devel-linux-x86_64-debian-gcc | 0.5.1 | 5.22 | 61.82 | 67.04 | OK | |
r-devel-linux-x86_64-fedora-clang | 0.5.1 | 125.47 | NOTE | |||
r-devel-linux-x86_64-fedora-gcc | 0.5.1 | 120.59 | NOTE | |||
r-devel-windows-x86_64 | 0.5.1 | 39.00 | 113.00 | 152.00 | OK | |
r-patched-linux-x86_64 | 0.5.1 | 9.30 | 78.27 | 87.57 | OK | |
r-release-linux-x86_64 | 0.5.1 | 5.19 | 80.02 | 85.21 | OK | |
r-release-macos-arm64 | 0.5.1 | 32.00 | NOTE | |||
r-release-macos-x86_64 | 0.5.1 | 53.00 | NOTE | |||
r-release-windows-x86_64 | 0.5.1 | 65.00 | 110.00 | 175.00 | OK | |
r-oldrel-macos-arm64 | 0.5.1 | 42.00 | NOTE | |||
r-oldrel-macos-x86_64 | 0.5.1 | 45.00 | NOTE | |||
r-oldrel-windows-ix86+x86_64 | 0.5.1 | 20.00 | 99.00 | 119.00 | OK |
Version: 0.5.1
Check: package dependencies
Result: NOTE
Imports includes 24 non-default packages.
Importing from so many packages makes the package vulnerable to any of
them becoming unavailable. Move as many as possible to Suggests and
use conditionally.
Flavor: r-devel-linux-x86_64-fedora-clang
Version: 0.5.1
Check: dependencies in R code
Result: NOTE
Namespaces in Imports field not imported from:
‘formattable’ ‘rintrojs’ ‘shinyBS’ ‘shinyFeedback’ ‘shinyWidgets’
‘shinycssloaders’ ‘shinydashboard’ ‘shinydashboardPlus’ ‘shinyjs’
‘shinythemes’ ‘splines’ ‘testthat’ ‘tidyverse’
All declared Imports should be used.
Flavors: r-devel-linux-x86_64-fedora-clang, r-devel-linux-x86_64-fedora-gcc, r-release-macos-arm64, r-release-macos-x86_64, r-oldrel-macos-arm64, r-oldrel-macos-x86_64