Last updated on 2022-08-15 08:50:02 CEST.
Flavor | Version | Tinstall | Tcheck | Ttotal | Status | Flags |
---|---|---|---|---|---|---|
r-devel-linux-x86_64-debian-clang | 2022.1.28 | 14.36 | 42.79 | 57.15 | OK | |
r-devel-linux-x86_64-debian-gcc | 2022.1.28 | 10.81 | 32.60 | 43.41 | OK | |
r-devel-linux-x86_64-fedora-clang | 2022.1.28 | 80.07 | NOTE | |||
r-devel-linux-x86_64-fedora-gcc | 2022.1.28 | 78.83 | NOTE | |||
r-devel-windows-x86_64 | 2022.1.28 | 283.00 | 76.00 | 359.00 | OK | |
r-patched-linux-x86_64 | 2022.1.28 | 20.57 | 40.00 | 60.57 | OK | |
r-release-linux-x86_64 | 2022.1.28 | 13.20 | 40.34 | 53.54 | OK | |
r-release-macos-arm64 | 2022.1.28 | 37.00 | NOTE | |||
r-release-macos-x86_64 | 2022.1.28 | 41.00 | NOTE | |||
r-release-windows-x86_64 | 2022.1.28 | 175.00 | 77.00 | 252.00 | OK | |
r-oldrel-macos-arm64 | 2022.1.28 | 37.00 | NOTE | |||
r-oldrel-macos-x86_64 | 2022.1.28 | 43.00 | NOTE | |||
r-oldrel-windows-ix86+x86_64 | 2022.1.28 | 27.00 | 72.00 | 99.00 | OK |
Version: 2022.1.28
Check: data for non-ASCII characters
Result: NOTE
Note: found 167 marked UTF-8 strings
Flavors: r-devel-linux-x86_64-fedora-clang, r-devel-linux-x86_64-fedora-gcc, r-release-macos-arm64, r-release-macos-x86_64, r-oldrel-macos-arm64, r-oldrel-macos-x86_64