Last updated on 2022-08-15 08:50:02 CEST.
Flavor | Version | Tinstall | Tcheck | Ttotal | Status | Flags |
---|---|---|---|---|---|---|
r-devel-linux-x86_64-debian-clang | 0.0.4 | 22.59 | 60.10 | 82.69 | OK | |
r-devel-linux-x86_64-debian-gcc | 0.0.4 | 15.62 | 45.17 | 60.79 | OK | |
r-devel-linux-x86_64-fedora-clang | 0.0.4 | 112.70 | NOTE | |||
r-devel-linux-x86_64-fedora-gcc | 0.0.4 | 105.60 | NOTE | |||
r-devel-windows-x86_64 | 0.0.4 | 35.00 | 114.00 | 149.00 | OK | |
r-patched-linux-x86_64 | 0.0.4 | 17.33 | 56.57 | 73.90 | OK | |
r-release-linux-x86_64 | 0.0.4 | 17.61 | 56.72 | 74.33 | OK | |
r-release-macos-arm64 | 0.0.4 | 35.00 | NOTE | |||
r-release-macos-x86_64 | 0.0.4 | 45.00 | NOTE | |||
r-release-windows-x86_64 | 0.0.4 | 33.00 | 112.00 | 145.00 | OK | |
r-oldrel-macos-arm64 | 0.0.4 | 42.00 | NOTE | |||
r-oldrel-macos-x86_64 | 0.0.4 | 47.00 | NOTE | |||
r-oldrel-windows-ix86+x86_64 | 0.0.4 | 52.00 | 118.00 | 170.00 | OK |
Version: 0.0.4
Check: dependencies in R code
Result: NOTE
Namespace in Imports field not imported from: ‘reshape2’
All declared Imports should be used.
Flavors: r-devel-linux-x86_64-fedora-clang, r-devel-linux-x86_64-fedora-gcc, r-release-macos-arm64, r-release-macos-x86_64, r-oldrel-macos-arm64, r-oldrel-macos-x86_64