Last updated on 2022-08-15 08:50:02 CEST.
Flavor | Version | Tinstall | Tcheck | Ttotal | Status | Flags |
---|---|---|---|---|---|---|
r-devel-linux-x86_64-debian-clang | 1.1 | 4.52 | 42.45 | 46.97 | NOTE | |
r-devel-linux-x86_64-debian-gcc | 1.1 | 3.41 | 32.05 | 35.46 | NOTE | |
r-devel-linux-x86_64-fedora-clang | 1.1 | 65.21 | NOTE | |||
r-devel-linux-x86_64-fedora-gcc | 1.1 | 69.31 | NOTE | |||
r-devel-windows-x86_64 | 1.1 | 27.00 | 69.00 | 96.00 | NOTE | |
r-patched-linux-x86_64 | 1.1 | 3.32 | 39.58 | 42.90 | OK | |
r-release-linux-x86_64 | 1.1 | 4.19 | 39.27 | 43.46 | OK | |
r-release-macos-arm64 | 1.1 | 23.00 | NOTE | |||
r-release-macos-x86_64 | 1.1 | 33.00 | NOTE | |||
r-release-windows-x86_64 | 1.1 | 27.00 | 64.00 | 91.00 | OK | |
r-oldrel-macos-arm64 | 1.1 | 21.00 | NOTE | |||
r-oldrel-macos-x86_64 | 1.1 | 30.00 | NOTE | |||
r-oldrel-windows-ix86+x86_64 | 1.1 | 10.00 | 58.00 | 68.00 | OK |
Version: 1.1
Check: Rd files
Result: NOTE
checkRd: (-1) quad_3D.Rd:22: Escaped LaTeX specials: \&
Flavors: r-devel-linux-x86_64-debian-clang, r-devel-linux-x86_64-debian-gcc, r-devel-linux-x86_64-fedora-clang, r-devel-linux-x86_64-fedora-gcc, r-devel-windows-x86_64
Version: 1.1
Check: dependencies in R code
Result: NOTE
Namespace in Imports field not imported from: ‘geometry’
All declared Imports should be used.
Flavors: r-devel-linux-x86_64-fedora-clang, r-devel-linux-x86_64-fedora-gcc, r-release-macos-arm64, r-release-macos-x86_64, r-oldrel-macos-arm64, r-oldrel-macos-x86_64