Last updated on 2022-08-15 08:50:02 CEST.
Flavor | Version | Tinstall | Tcheck | Ttotal | Status | Flags |
---|---|---|---|---|---|---|
r-devel-linux-x86_64-debian-clang | 1.0.1 | 12.05 | 67.27 | 79.32 | NOTE | |
r-devel-linux-x86_64-debian-gcc | 1.0.1 | 7.38 | 49.94 | 57.32 | NOTE | |
r-devel-linux-x86_64-fedora-clang | 1.0.1 | 101.29 | NOTE | |||
r-devel-linux-x86_64-fedora-gcc | 1.0.1 | 97.22 | NOTE | |||
r-devel-windows-x86_64 | 1.0.1 | 31.00 | 87.00 | 118.00 | NOTE | |
r-patched-linux-x86_64 | 1.0.1 | 10.08 | 62.78 | 72.86 | NOTE | |
r-release-linux-x86_64 | 1.0.1 | 11.12 | 63.64 | 74.76 | NOTE | |
r-release-macos-arm64 | 1.0.1 | 29.00 | NOTE | |||
r-release-macos-x86_64 | 1.0.1 | 38.00 | NOTE | |||
r-release-windows-x86_64 | 1.0.1 | 40.00 | 80.00 | 120.00 | NOTE | |
r-oldrel-macos-arm64 | 1.0.1 | 33.00 | NOTE | |||
r-oldrel-macos-x86_64 | 1.0.1 | 51.00 | NOTE | |||
r-oldrel-windows-ix86+x86_64 | 1.0.1 | 17.00 | 78.00 | 95.00 | NOTE |
Version: 1.0.1
Check: package dependencies
Result: NOTE
Package which this enhances but not available for checking: 'gurobi'
Flavors: r-devel-linux-x86_64-debian-clang, r-devel-linux-x86_64-debian-gcc, r-devel-linux-x86_64-fedora-clang, r-devel-linux-x86_64-fedora-gcc, r-devel-windows-x86_64, r-patched-linux-x86_64, r-release-linux-x86_64, r-release-macos-arm64, r-release-macos-x86_64, r-release-windows-x86_64, r-oldrel-macos-arm64, r-oldrel-macos-x86_64, r-oldrel-windows-ix86+x86_64
Version: 1.0.1
Check: LazyData
Result: NOTE
'LazyData' is specified without a 'data' directory
Flavors: r-devel-linux-x86_64-debian-clang, r-devel-linux-x86_64-debian-gcc, r-devel-linux-x86_64-fedora-clang, r-devel-linux-x86_64-fedora-gcc, r-devel-windows-x86_64, r-patched-linux-x86_64, r-release-linux-x86_64, r-release-macos-arm64, r-release-macos-x86_64, r-release-windows-x86_64, r-oldrel-macos-arm64, r-oldrel-macos-x86_64, r-oldrel-windows-ix86+x86_64