Last updated on 2022-08-15 08:50:03 CEST.
Flavor | Version | Tinstall | Tcheck | Ttotal | Status | Flags |
---|---|---|---|---|---|---|
r-devel-linux-x86_64-debian-clang | 1.2-1 | 4.44 | 43.20 | 47.64 | OK | |
r-devel-linux-x86_64-debian-gcc | 1.2-1 | 2.92 | 32.35 | 35.27 | OK | |
r-devel-linux-x86_64-fedora-clang | 1.2-1 | 66.39 | OK | |||
r-devel-linux-x86_64-fedora-gcc | 1.2-1 | 64.73 | OK | |||
r-devel-windows-x86_64 | 1.2-1 | 9.00 | 66.00 | 75.00 | OK | |
r-patched-linux-x86_64 | 1.2-1 | 2.91 | 42.54 | 45.45 | OK | |
r-release-linux-x86_64 | 1.2-1 | 3.37 | 43.39 | 46.76 | OK | |
r-release-macos-arm64 | 1.2-1 | 24.00 | NOTE | |||
r-release-macos-x86_64 | 1.2-1 | 29.00 | OK | |||
r-release-windows-x86_64 | 1.2-1 | 10.00 | 71.00 | 81.00 | OK | |
r-oldrel-macos-arm64 | 1.2-1 | 15.00 | OK | |||
r-oldrel-macos-x86_64 | 1.2-1 | 28.00 | OK | |||
r-oldrel-windows-ix86+x86_64 | 1.2-1 | 8.00 | 63.00 | 71.00 | OK |
Version: 1.2-1
Check: package dependencies
Result: NOTE
Package suggested but not available for checking: ‘MKmisc’
Flavor: r-release-macos-arm64
Version: 1.2-1
Check: Rd cross-references
Result: NOTE
Package unavailable to check Rd xrefs: ‘MKmisc’
Flavor: r-release-macos-arm64