Last updated on 2022-08-15 08:50:03 CEST.
Flavor | Version | Tinstall | Tcheck | Ttotal | Status | Flags |
---|---|---|---|---|---|---|
r-devel-linux-x86_64-debian-clang | 0.1-0 | 5.93 | 80.39 | 86.32 | NOTE | |
r-devel-linux-x86_64-debian-gcc | 0.1-0 | 6.34 | 61.31 | 67.65 | NOTE | |
r-devel-linux-x86_64-fedora-clang | 0.1-0 | 114.02 | NOTE | |||
r-devel-linux-x86_64-fedora-gcc | 0.1-0 | 113.79 | NOTE | |||
r-devel-windows-x86_64 | 0.1-0 | 11.00 | 110.00 | 121.00 | NOTE | |
r-patched-linux-x86_64 | 0.1-0 | 8.74 | 77.33 | 86.07 | NOTE | |
r-release-linux-x86_64 | 0.1-0 | 7.27 | 76.56 | 83.83 | NOTE | |
r-release-macos-arm64 | 0.1-0 | 32.00 | NOTE | |||
r-release-macos-x86_64 | 0.1-0 | 49.00 | NOTE | |||
r-release-windows-x86_64 | 0.1-0 | 10.00 | 107.00 | 117.00 | NOTE | |
r-oldrel-macos-arm64 | 0.1-0 | 38.00 | NOTE | |||
r-oldrel-macos-x86_64 | 0.1-0 | 64.00 | NOTE | |||
r-oldrel-windows-ix86+x86_64 | 0.1-0 | 16.00 | 108.00 | 124.00 | NOTE |
Version: 0.1-0
Check: LazyData
Result: NOTE
'LazyData' is specified without a 'data' directory
Flavors: r-devel-linux-x86_64-debian-clang, r-devel-linux-x86_64-debian-gcc, r-devel-linux-x86_64-fedora-clang, r-devel-linux-x86_64-fedora-gcc, r-devel-windows-x86_64, r-patched-linux-x86_64, r-release-linux-x86_64, r-release-macos-arm64, r-release-macos-x86_64, r-release-windows-x86_64, r-oldrel-macos-arm64, r-oldrel-macos-x86_64, r-oldrel-windows-ix86+x86_64