Last updated on 2022-08-15 08:50:03 CEST.
Flavor | Version | Tinstall | Tcheck | Ttotal | Status | Flags |
---|---|---|---|---|---|---|
r-devel-linux-x86_64-debian-clang | 0.4 | 21.92 | 185.56 | 207.48 | OK | |
r-devel-linux-x86_64-debian-gcc | 0.4 | 17.42 | 138.19 | 155.61 | OK | |
r-devel-linux-x86_64-fedora-clang | 0.4 | 254.08 | OK | |||
r-devel-linux-x86_64-fedora-gcc | 0.4 | 255.43 | OK | |||
r-devel-windows-x86_64 | 0.4 | 33.00 | 188.00 | 221.00 | OK | |
r-patched-linux-x86_64 | 0.4 | 16.59 | 174.90 | 191.49 | OK | |
r-release-linux-x86_64 | 0.4 | 20.16 | 175.83 | 195.99 | OK | |
r-release-macos-arm64 | 0.4 | 5.00 | ERROR | |||
r-release-macos-x86_64 | 0.4 | 92.00 | OK | |||
r-release-windows-x86_64 | 0.4 | 24.00 | 191.00 | 215.00 | OK | |
r-oldrel-macos-arm64 | 0.4 | 10.00 | ERROR | |||
r-oldrel-macos-x86_64 | 0.4 | 106.00 | OK | |||
r-oldrel-windows-ix86+x86_64 | 0.4 | 44.00 | 187.00 | 231.00 | OK |
Version: 0.4
Check: package dependencies
Result: ERROR
Package required but not available: ‘safe’
See section ‘The DESCRIPTION file’ in the ‘Writing R Extensions’
manual.
Flavors: r-release-macos-arm64, r-oldrel-macos-arm64