Last updated on 2022-08-15 08:50:03 CEST.
Flavor | Version | Tinstall | Tcheck | Ttotal | Status | Flags |
---|---|---|---|---|---|---|
r-devel-linux-x86_64-debian-clang | 0.1.9 | 140.94 | 438.51 | 579.45 | OK | |
r-devel-linux-x86_64-debian-gcc | 0.1.9 | 147.07 | 305.72 | 452.79 | OK | |
r-devel-linux-x86_64-fedora-clang | 0.1.9 | 693.72 | NOTE | |||
r-devel-linux-x86_64-fedora-gcc | 0.1.9 | 776.02 | OK | |||
r-devel-windows-x86_64 | 0.1.9 | 125.00 | 454.00 | 579.00 | OK | |
r-patched-linux-x86_64 | 0.1.9 | 153.42 | 406.13 | 559.55 | OK | |
r-release-linux-x86_64 | 0.1.9 | 155.06 | 402.56 | 557.62 | OK | |
r-release-macos-arm64 | 0.1.9 | 163.00 | NOTE | |||
r-release-macos-x86_64 | 0.1.9 | 302.00 | NOTE | |||
r-release-windows-x86_64 | 0.1.9 | 129.00 | 454.00 | 583.00 | OK | |
r-oldrel-macos-arm64 | 0.1.9 | 178.00 | NOTE | |||
r-oldrel-macos-x86_64 | 0.1.9 | 285.00 | NOTE | |||
r-oldrel-windows-ix86+x86_64 | 0.1.9 | 340.00 | 709.00 | 1049.00 | NOTE |
Version: 0.1.9
Check: installed package size
Result: NOTE
installed size is 5.1Mb
sub-directories of 1Mb or more:
libs 3.9Mb
Flavors: r-devel-linux-x86_64-fedora-clang, r-release-macos-arm64, r-release-macos-x86_64, r-oldrel-macos-arm64, r-oldrel-macos-x86_64, r-oldrel-windows-ix86+x86_64