Last updated on 2022-08-15 08:50:03 CEST.
Flavor | Version | Tinstall | Tcheck | Ttotal | Status | Flags |
---|---|---|---|---|---|---|
r-devel-linux-x86_64-debian-clang | 1.2.1 | 3.47 | 23.31 | 26.78 | OK | |
r-devel-linux-x86_64-debian-gcc | 1.2.1 | 2.21 | 18.60 | 20.81 | OK | |
r-devel-linux-x86_64-fedora-clang | 1.2.1 | 43.34 | NOTE | |||
r-devel-linux-x86_64-fedora-gcc | 1.2.1 | 41.56 | NOTE | |||
r-devel-windows-x86_64 | 1.2.1 | 10.00 | 51.00 | 61.00 | OK | |
r-patched-linux-x86_64 | 1.2.1 | 2.20 | 22.52 | 24.72 | OK | |
r-release-linux-x86_64 | 1.2.1 | 2.21 | 23.06 | 25.27 | OK | |
r-release-macos-arm64 | 1.2.1 | 15.00 | OK | |||
r-release-macos-x86_64 | 1.2.1 | 22.00 | OK | |||
r-release-windows-x86_64 | 1.2.1 | 8.00 | 58.00 | 66.00 | OK | |
r-oldrel-macos-arm64 | 1.2.1 | 14.00 | OK | |||
r-oldrel-macos-x86_64 | 1.2.1 | 21.00 | OK | |||
r-oldrel-windows-ix86+x86_64 | 1.2.1 | 8.00 | 43.00 | 51.00 | OK |
Version: 1.2.1
Check: compiled code
Result: NOTE
File ‘PDSCE/libs/PDSCE.so’:
Found no calls to: ‘R_registerRoutines’, ‘R_useDynamicSymbols’
It is good practice to register native routines and to disable symbol
search.
See ‘Writing portable packages’ in the ‘Writing R Extensions’ manual.
Flavors: r-devel-linux-x86_64-fedora-clang, r-devel-linux-x86_64-fedora-gcc