Last updated on 2022-08-15 08:50:03 CEST.
Flavor | Version | Tinstall | Tcheck | Ttotal | Status | Flags |
---|---|---|---|---|---|---|
r-devel-linux-x86_64-debian-clang | 0.1.0 | 1.88 | 20.13 | 22.01 | NOTE | |
r-devel-linux-x86_64-debian-gcc | 0.1.0 | 1.43 | 16.08 | 17.51 | NOTE | |
r-devel-linux-x86_64-fedora-clang | 0.1.0 | 38.27 | NOTE | |||
r-devel-linux-x86_64-fedora-gcc | 0.1.0 | 37.47 | NOTE | |||
r-devel-windows-x86_64 | 0.1.0 | 9.00 | 45.00 | 54.00 | NOTE | |
r-patched-linux-x86_64 | 0.1.0 | 1.68 | 20.45 | 22.13 | NOTE | |
r-release-linux-x86_64 | 0.1.0 | 1.42 | 19.94 | 21.36 | NOTE | |
r-release-macos-arm64 | 0.1.0 | 15.00 | NOTE | |||
r-release-macos-x86_64 | 0.1.0 | 25.00 | NOTE | |||
r-release-windows-x86_64 | 0.1.0 | 8.00 | 44.00 | 52.00 | NOTE | |
r-oldrel-macos-arm64 | 0.1.0 | 15.00 | NOTE | |||
r-oldrel-macos-x86_64 | 0.1.0 | 24.00 | NOTE | |||
r-oldrel-windows-ix86+x86_64 | 0.1.0 | 6.00 | 37.00 | 43.00 | NOTE |
Version: 0.1.0
Check: LazyData
Result: NOTE
'LazyData' is specified without a 'data' directory
Flavors: r-devel-linux-x86_64-debian-clang, r-devel-linux-x86_64-debian-gcc, r-devel-linux-x86_64-fedora-clang, r-devel-linux-x86_64-fedora-gcc, r-devel-windows-x86_64, r-patched-linux-x86_64, r-release-linux-x86_64, r-release-macos-arm64, r-release-macos-x86_64, r-release-windows-x86_64, r-oldrel-macos-arm64, r-oldrel-macos-x86_64, r-oldrel-windows-ix86+x86_64