Last updated on 2022-08-15 08:50:04 CEST.
Flavor | Version | Tinstall | Tcheck | Ttotal | Status | Flags |
---|---|---|---|---|---|---|
r-devel-linux-x86_64-debian-clang | 1.0.11 | 2.66 | 30.81 | 33.47 | NOTE | |
r-devel-linux-x86_64-debian-gcc | 1.0.11 | 2.37 | 23.67 | 26.04 | NOTE | |
r-devel-linux-x86_64-fedora-clang | 1.0.11 | 52.14 | NOTE | |||
r-devel-linux-x86_64-fedora-gcc | 1.0.11 | 52.05 | NOTE | |||
r-devel-windows-x86_64 | 1.0.11 | 27.00 | 51.00 | 78.00 | NOTE | |
r-patched-linux-x86_64 | 1.0.11 | 3.37 | 29.94 | 33.31 | OK | |
r-release-linux-x86_64 | 1.0.11 | 3.08 | 29.95 | 33.03 | OK | |
r-release-macos-arm64 | 1.0.11 | 16.00 | OK | |||
r-release-macos-x86_64 | 1.0.11 | 24.00 | OK | |||
r-release-windows-x86_64 | 1.0.11 | 13.00 | 51.00 | 64.00 | OK | |
r-oldrel-macos-arm64 | 1.0.11 | 21.00 | OK | |||
r-oldrel-macos-x86_64 | 1.0.11 | 33.00 | OK | |||
r-oldrel-windows-ix86+x86_64 | 1.0.11 | 7.00 | 40.00 | 47.00 | OK |
Version: 1.0.11
Check: Rd files
Result: NOTE
checkRd: (-1) GarlandJanis.IC.Rd:4: Escaped LaTeX specials: \&
checkRd: (-1) GarlandJanis.IC.Rd:6: Escaped LaTeX specials: \&
checkRd: (-1) GarlandJanis.Original.Rd:4: Escaped LaTeX specials: \&
checkRd: (-1) GarlandJanis.Original.Rd:6: Escaped LaTeX specials: \&
checkRd: (-1) GarlandJanis.varcov.Rd:3: Escaped LaTeX specials: \&
checkRd: (-1) GarlandJanis.varcov.Rd:5: Escaped LaTeX specials: \&
checkRd: (-1) GarlandJanis.varcov.Rd:7: Escaped LaTeX specials: \&
Flavors: r-devel-linux-x86_64-debian-clang, r-devel-linux-x86_64-debian-gcc, r-devel-linux-x86_64-fedora-clang, r-devel-linux-x86_64-fedora-gcc, r-devel-windows-x86_64