Last updated on 2022-08-15 08:50:04 CEST.
Flavor | Version | Tinstall | Tcheck | Ttotal | Status | Flags |
---|---|---|---|---|---|---|
r-devel-linux-x86_64-debian-clang | 0.1.0 | 2.64 | 52.57 | 55.21 | OK | |
r-devel-linux-x86_64-debian-gcc | 0.1.0 | 1.97 | 39.04 | 41.01 | OK | |
r-devel-linux-x86_64-fedora-clang | 0.1.0 | 75.73 | NOTE | |||
r-devel-linux-x86_64-fedora-gcc | 0.1.0 | 77.98 | OK | |||
r-devel-windows-x86_64 | 0.1.0 | 11.00 | 83.00 | 94.00 | OK | |
r-patched-linux-x86_64 | 0.1.0 | 2.51 | 51.07 | 53.58 | OK | |
r-release-linux-x86_64 | 0.1.0 | 2.70 | 51.03 | 53.73 | OK | |
r-release-macos-arm64 | 0.1.0 | 22.00 | OK | |||
r-release-macos-x86_64 | 0.1.0 | 34.00 | OK | |||
r-release-windows-x86_64 | 0.1.0 | 13.00 | 82.00 | 95.00 | OK | |
r-oldrel-macos-arm64 | 0.1.0 | 21.00 | OK | |||
r-oldrel-macos-x86_64 | 0.1.0 | 29.00 | OK | |||
r-oldrel-windows-ix86+x86_64 | 0.1.0 | 7.00 | 79.00 | 86.00 | OK |
Version: 0.1.0
Check: Rd cross-references
Result: NOTE
Undeclared package ‘aricode’ in Rd xrefs
Flavor: r-devel-linux-x86_64-fedora-clang