Last updated on 2022-08-15 08:50:04 CEST.
Flavor | Version | Tinstall | Tcheck | Ttotal | Status | Flags |
---|---|---|---|---|---|---|
r-devel-linux-x86_64-debian-clang | 1.0.2 | 48.21 | 61.58 | 109.79 | NOTE | |
r-devel-linux-x86_64-debian-gcc | 1.0.2 | 42.27 | 44.92 | 87.19 | NOTE | |
r-devel-linux-x86_64-fedora-clang | 1.0.2 | 155.37 | NOTE | |||
r-devel-linux-x86_64-fedora-gcc | 1.0.2 | 164.28 | NOTE | |||
r-devel-windows-x86_64 | 1.0.2 | 52.00 | 101.00 | 153.00 | OK | |
r-patched-linux-x86_64 | 1.0.2 | 41.55 | 57.52 | 99.07 | OK | |
r-release-linux-x86_64 | 1.0.2 | 45.10 | 58.44 | 103.54 | OK | |
r-release-macos-arm64 | 1.0.2 | 42.00 | NOTE | |||
r-release-macos-x86_64 | 1.0.2 | 56.00 | NOTE | |||
r-release-windows-x86_64 | 1.0.2 | 51.00 | 102.00 | 153.00 | OK | |
r-oldrel-macos-arm64 | 1.0.2 | 41.00 | NOTE | |||
r-oldrel-macos-x86_64 | 1.0.2 | 53.00 | NOTE | |||
r-oldrel-windows-ix86+x86_64 | 1.0.2 | 120.00 | 128.00 | 248.00 | OK |
Version: 1.0.2
Check: HTML version of manual
Result: NOTE
Found the following math rendering problems:
plsim.MAVE.Rd:35: Undefined control sequence: \boldmath in \boldmath{\alpha}_0
plsim.MAVE.Rd:36: Undefined control sequence: \boldmath in \boldmath{\beta}_0
plsim.MAVE.Rd:55: Undefined control sequence: \boldmath in \hat{\eta}(Z^T\boldmath{\hat{\alpha} }...
plsim.MAVE.Rd:64: Undefined control sequence: \boldmath in Z^T\boldmath{\hat{\alpha}}
plsim.bw.Rd:50: Undefined control sequence: \boldmath in \boldmath{\alpha}_0
plsim.bw.Rd:51: Undefined control sequence: \boldmath in \boldmath{\beta}_0
plsim.est.Rd:33: Undefined control sequence: \boldmath in \boldmath{\alpha}_0
plsim.est.Rd:34: Undefined control sequence: \boldmath in \boldmath{\beta}_0
plsim.est.Rd:49: Undefined control sequence: \boldmath in \hat{\eta}(Z^T\boldmath{\hat{\alpha} }...
plsim.est.Rd:57: Undefined control sequence: \boldmath in Z^T\boldmath{\hat{\alpha}}
plsim.ini.Rd:34: Undefined control sequence: \boldmath in \boldmath{\alpha}_0
plsim.ini.Rd:35: Undefined control sequence: \boldmath in \boldmath{\beta}_0
plsim.lam.Rd:32: Undefined control sequence: \boldmath in \boldmath{\alpha}_0
plsim.lam.Rd:33: Undefined control sequence: \boldmath in \boldmath{\beta}_0
plsim.vs.hard.Rd:39: Undefined control sequence: \boldmath in \boldmath{\alpha}_0
plsim.vs.hard.Rd:40: Undefined control sequence: \boldmath in \boldmath{\beta}_0
plsim.vs.soft.Rd:34: Undefined control sequence: \boldmath in \boldmath{\alpha}_0
plsim.vs.soft.Rd:35: Undefined control sequence: \boldmath in \boldmath{\beta}_0
plsim.vs.soft.Rd:57: Undefined control sequence: \boldmath in \hat{\eta}(Z^T\boldmath{\hat{\alpha} }...
plsim.vs.soft.Rd:66: Undefined control sequence: \boldmath in Z^T\boldmath{\hat{\alpha}}
Flavors: r-devel-linux-x86_64-debian-clang, r-devel-linux-x86_64-debian-gcc, r-devel-linux-x86_64-fedora-clang, r-devel-linux-x86_64-fedora-gcc
Version: 1.0.2
Check: installed package size
Result: NOTE
installed size is 5.6Mb
sub-directories of 1Mb or more:
libs 5.4Mb
Flavors: r-release-macos-arm64, r-release-macos-x86_64, r-oldrel-macos-arm64, r-oldrel-macos-x86_64