Last updated on 2022-08-15 08:50:04 CEST.
Flavor | Version | Tinstall | Tcheck | Ttotal | Status | Flags |
---|---|---|---|---|---|---|
r-devel-linux-x86_64-debian-clang | 1.0 | 65.89 | 27.72 | 93.61 | OK | |
r-devel-linux-x86_64-debian-gcc | 1.0 | 50.58 | 21.78 | 72.36 | OK | |
r-devel-linux-x86_64-fedora-clang | 1.0 | 130.67 | OK | |||
r-devel-linux-x86_64-fedora-gcc | 1.0 | 122.21 | OK | |||
r-devel-windows-x86_64 | 1.0 | 52.00 | 75.00 | 127.00 | OK | |
r-patched-linux-x86_64 | 1.0 | 59.06 | 27.17 | 86.23 | OK | |
r-release-linux-x86_64 | 1.0 | 53.29 | 27.15 | 80.44 | OK | |
r-release-macos-arm64 | 1.0 | 32.00 | OK | |||
r-release-macos-x86_64 | 1.0 | 44.00 | OK | |||
r-release-windows-x86_64 | 1.0 | 51.00 | 74.00 | 125.00 | OK | |
r-oldrel-macos-arm64 | 1.0 | 37.00 | NOTE | |||
r-oldrel-macos-x86_64 | 1.0 | 62.00 | OK | |||
r-oldrel-windows-ix86+x86_64 | 1.0 | 138.00 | 82.00 | 220.00 | OK |
Version: 1.0
Check: installed package size
Result: NOTE
installed size is 5.4Mb
sub-directories of 1Mb or more:
libs 5.2Mb
Flavor: r-oldrel-macos-arm64