Last updated on 2022-08-15 08:50:04 CEST.
Flavor | Version | Tinstall | Tcheck | Ttotal | Status | Flags |
---|---|---|---|---|---|---|
r-devel-linux-x86_64-debian-clang | 1.1.0 | 8.31 | 148.84 | 157.15 | NOTE | |
r-devel-linux-x86_64-debian-gcc | 1.1.0 | 6.82 | 109.12 | 115.94 | NOTE | |
r-devel-linux-x86_64-fedora-clang | 1.1.0 | 191.82 | NOTE | |||
r-devel-linux-x86_64-fedora-gcc | 1.1.0 | 195.09 | NOTE | |||
r-devel-windows-x86_64 | 1.1.0 | 23.00 | 178.00 | 201.00 | NOTE | |
r-patched-linux-x86_64 | 1.1.0 | 9.82 | 144.53 | 154.35 | NOTE | |
r-release-linux-x86_64 | 1.1.0 | 8.79 | 141.77 | 150.56 | NOTE | |
r-release-macos-arm64 | 1.1.0 | 56.00 | NOTE | |||
r-release-macos-x86_64 | 1.1.0 | 90.00 | NOTE | |||
r-release-windows-x86_64 | 1.1.0 | 25.00 | 183.00 | 208.00 | NOTE | |
r-oldrel-macos-arm64 | 1.1.0 | 153.00 | NOTE | |||
r-oldrel-macos-x86_64 | 1.1.0 | 85.00 | NOTE | |||
r-oldrel-windows-ix86+x86_64 | 1.1.0 | 43.00 | 169.00 | 212.00 | NOTE |
Version: 1.1.0
Check: LazyData
Result: NOTE
'LazyData' is specified without a 'data' directory
Flavors: r-devel-linux-x86_64-debian-clang, r-devel-linux-x86_64-debian-gcc, r-devel-linux-x86_64-fedora-clang, r-devel-linux-x86_64-fedora-gcc, r-devel-windows-x86_64, r-patched-linux-x86_64, r-release-linux-x86_64, r-release-macos-arm64, r-release-macos-x86_64, r-release-windows-x86_64, r-oldrel-macos-arm64, r-oldrel-macos-x86_64, r-oldrel-windows-ix86+x86_64
Version: 1.1.0
Check: installed package size
Result: NOTE
installed size is 12.1Mb
sub-directories of 1Mb or more:
doc 12.0Mb
Flavors: r-devel-linux-x86_64-fedora-clang, r-devel-windows-x86_64, r-release-macos-arm64, r-release-macos-x86_64, r-release-windows-x86_64, r-oldrel-macos-arm64, r-oldrel-macos-x86_64, r-oldrel-windows-ix86+x86_64