Last updated on 2022-08-15 08:50:04 CEST.
Flavor | Version | Tinstall | Tcheck | Ttotal | Status | Flags |
---|---|---|---|---|---|---|
r-devel-linux-x86_64-debian-clang | 0.3.6 | 237.01 | 32.31 | 269.32 | NOTE | |
r-devel-linux-x86_64-debian-gcc | 0.3.6 | 188.76 | 25.06 | 213.82 | NOTE | |
r-devel-linux-x86_64-fedora-clang | 0.3.6 | 429.34 | NOTE | |||
r-devel-linux-x86_64-fedora-gcc | 0.3.6 | 379.24 | NOTE | |||
r-devel-windows-x86_64 | 0.3.6 | 196.00 | 81.00 | 277.00 | NOTE | |
r-patched-linux-x86_64 | 0.3.6 | 198.78 | 31.05 | 229.83 | NOTE | |
r-release-linux-x86_64 | 0.3.6 | 197.98 | 30.92 | 228.90 | NOTE | |
r-release-macos-arm64 | 0.3.6 | 87.00 | NOTE | |||
r-release-macos-x86_64 | 0.3.6 | 111.00 | NOTE | |||
r-release-windows-x86_64 | 0.3.6 | 325.00 | 83.00 | 408.00 | NOTE | |
r-oldrel-macos-arm64 | 0.3.6 | 94.00 | NOTE | |||
r-oldrel-macos-x86_64 | 0.3.6 | 180.00 | NOTE | |||
r-oldrel-windows-ix86+x86_64 | 0.3.6 | 591.00 | 83.00 | 674.00 | NOTE |
Version: 0.3.6
Check: LazyData
Result: NOTE
'LazyData' is specified without a 'data' directory
Flavors: r-devel-linux-x86_64-debian-clang, r-devel-linux-x86_64-debian-gcc, r-devel-linux-x86_64-fedora-clang, r-devel-linux-x86_64-fedora-gcc, r-devel-windows-x86_64, r-patched-linux-x86_64, r-release-linux-x86_64, r-release-macos-arm64, r-release-macos-x86_64, r-release-windows-x86_64, r-oldrel-macos-arm64, r-oldrel-macos-x86_64, r-oldrel-windows-ix86+x86_64
Version: 0.3.6
Check: installed package size
Result: NOTE
installed size is 9.0Mb
sub-directories of 1Mb or more:
libs 8.1Mb
Flavors: r-release-macos-arm64, r-release-macos-x86_64, r-oldrel-macos-arm64, r-oldrel-macos-x86_64