Last updated on 2022-08-15 08:50:04 CEST.
Flavor | Version | Tinstall | Tcheck | Ttotal | Status | Flags |
---|---|---|---|---|---|---|
r-devel-linux-x86_64-debian-clang | 0.1.2 | 49.80 | 93.01 | 142.81 | NOTE | |
r-devel-linux-x86_64-debian-gcc | 0.1.2 | 40.16 | 67.46 | 107.62 | NOTE | |
r-devel-linux-x86_64-fedora-clang | 0.1.2 | 184.94 | NOTE | |||
r-devel-linux-x86_64-fedora-gcc | 0.1.2 | 194.54 | NOTE | |||
r-devel-windows-x86_64 | 0.1.2 | 51.00 | 147.00 | 198.00 | OK | |
r-patched-linux-x86_64 | 0.1.2 | 41.36 | 85.61 | 126.97 | OK | |
r-release-linux-x86_64 | 0.1.2 | 43.70 | 86.95 | 130.65 | OK | |
r-release-macos-arm64 | 0.1.2 | 57.00 | NOTE | |||
r-release-macos-x86_64 | 0.1.2 | 100.00 | NOTE | |||
r-release-windows-x86_64 | 0.1.2 | 57.00 | 152.00 | 209.00 | OK | |
r-oldrel-macos-arm64 | 0.1.2 | 65.00 | NOTE | |||
r-oldrel-macos-x86_64 | 0.1.2 | 65.00 | NOTE | |||
r-oldrel-windows-ix86+x86_64 | 0.1.2 | 112.00 | 185.00 | 297.00 | OK |
Version: 0.1.2
Check: HTML version of manual
Result: NOTE
Found the following HTML validation problems:
leukemia.html:19:1: Warning: missing </h2> before <ul>
leukemia.html:29:1: Warning: discarding unexpected </h2>
Flavors: r-devel-linux-x86_64-debian-clang, r-devel-linux-x86_64-debian-gcc, r-devel-linux-x86_64-fedora-clang, r-devel-linux-x86_64-fedora-gcc
Version: 0.1.2
Check: installed package size
Result: NOTE
installed size is 5.4Mb
sub-directories of 1Mb or more:
libs 4.2Mb
Flavors: r-release-macos-arm64, r-release-macos-x86_64, r-oldrel-macos-arm64, r-oldrel-macos-x86_64