Last updated on 2022-08-15 08:50:04 CEST.
Flavor | Version | Tinstall | Tcheck | Ttotal | Status | Flags |
---|---|---|---|---|---|---|
r-devel-linux-x86_64-debian-clang | 1.2 | 175.71 | 531.81 | 707.52 | OK | |
r-devel-linux-x86_64-debian-gcc | 1.2 | 145.84 | 394.30 | 540.14 | OK | |
r-devel-linux-x86_64-fedora-clang | 1.2 | 883.36 | OK | |||
r-devel-linux-x86_64-fedora-gcc | 1.2 | 905.60 | OK | |||
r-devel-windows-x86_64 | 1.2 | 149.00 | 546.00 | 695.00 | OK | |
r-patched-linux-x86_64 | 1.2 | 151.17 | 510.99 | 662.16 | OK | |
r-release-linux-x86_64 | 1.2 | 156.17 | 510.70 | 666.87 | OK | |
r-release-macos-arm64 | 1.2 | 224.00 | NOTE | |||
r-release-macos-x86_64 | 1.2 | 296.00 | NOTE | |||
r-release-windows-x86_64 | 1.2 | 149.00 | 560.00 | 709.00 | OK | |
r-oldrel-macos-arm64 | 1.2 | 215.00 | NOTE | |||
r-oldrel-macos-x86_64 | 1.2 | 282.00 | NOTE | |||
r-oldrel-windows-ix86+x86_64 | 1.2 | 410.00 | 719.00 | 1129.00 | NOTE |
Version: 1.2
Check: installed package size
Result: NOTE
installed size is 11.4Mb
sub-directories of 1Mb or more:
data 2.2Mb
libs 8.8Mb
Flavors: r-release-macos-arm64, r-release-macos-x86_64, r-oldrel-macos-arm64, r-oldrel-macos-x86_64, r-oldrel-windows-ix86+x86_64