Last updated on 2022-08-15 08:50:04 CEST.
Flavor | Version | Tinstall | Tcheck | Ttotal | Status | Flags |
---|---|---|---|---|---|---|
r-devel-linux-x86_64-debian-clang | 3.2-3 | 120.00 | 37.95 | 157.95 | OK | |
r-devel-linux-x86_64-debian-gcc | 3.2-3 | 125.54 | 29.21 | 154.75 | OK | |
r-devel-linux-x86_64-fedora-clang | 3.2-3 | 228.52 | OK | |||
r-devel-linux-x86_64-fedora-gcc | 3.2-3 | 249.76 | OK | |||
r-devel-windows-x86_64 | 3.2-3 | 140.00 | 83.00 | 223.00 | OK | |
r-patched-linux-x86_64 | 3.2-3 | 109.25 | 35.73 | 144.98 | OK | |
r-release-linux-x86_64 | 3.2-3 | 120.04 | 37.40 | 157.44 | OK | |
r-release-macos-arm64 | 3.2-3 | 69.00 | NOTE | |||
r-release-macos-x86_64 | 3.2-3 | 70.00 | NOTE | |||
r-release-windows-x86_64 | 3.2-3 | 111.00 | 85.00 | 196.00 | OK | |
r-oldrel-macos-arm64 | 3.2-3 | 64.00 | NOTE | |||
r-oldrel-macos-x86_64 | 3.2-3 | 68.00 | NOTE | |||
r-oldrel-windows-ix86+x86_64 | 3.2-3 | 317.00 | 100.00 | 417.00 | NOTE |
Version: 3.2-3
Check: installed package size
Result: NOTE
installed size is 7.0Mb
sub-directories of 1Mb or more:
libs 6.8Mb
Flavors: r-release-macos-arm64, r-release-macos-x86_64, r-oldrel-macos-arm64, r-oldrel-macos-x86_64, r-oldrel-windows-ix86+x86_64