Last updated on 2022-08-15 08:50:04 CEST.
Flavor | Version | Tinstall | Tcheck | Ttotal | Status | Flags |
---|---|---|---|---|---|---|
r-devel-linux-x86_64-debian-clang | 0.0.3 | 2.75 | 27.28 | 30.03 | OK | |
r-devel-linux-x86_64-debian-gcc | 0.0.3 | 1.83 | 21.45 | 23.28 | OK | |
r-devel-linux-x86_64-fedora-clang | 0.0.3 | 48.32 | NOTE | |||
r-devel-linux-x86_64-fedora-gcc | 0.0.3 | 46.84 | NOTE | |||
r-devel-windows-x86_64 | 0.0.3 | 22.00 | 57.00 | 79.00 | OK | |
r-patched-linux-x86_64 | 0.0.3 | 3.46 | 26.88 | 30.34 | OK | |
r-release-linux-x86_64 | 0.0.3 | 2.38 | 26.98 | 29.36 | OK | |
r-release-macos-arm64 | 0.0.3 | 17.00 | NOTE | |||
r-release-macos-x86_64 | 0.0.3 | 26.00 | NOTE | |||
r-release-windows-x86_64 | 0.0.3 | 20.00 | 55.00 | 75.00 | OK | |
r-oldrel-macos-arm64 | 0.0.3 | 18.00 | NOTE | |||
r-oldrel-macos-x86_64 | 0.0.3 | 26.00 | NOTE | |||
r-oldrel-windows-ix86+x86_64 | 0.0.3 | 9.00 | 51.00 | 60.00 | OK |
Version: 0.0.3
Check: dependencies in R code
Result: NOTE
Namespaces in Imports field not imported from:
‘DT’ ‘rio’ ‘shiny’ ‘shinyjs’ ‘utils’ ‘webp’
All declared Imports should be used.
Flavors: r-devel-linux-x86_64-fedora-clang, r-devel-linux-x86_64-fedora-gcc, r-release-macos-arm64, r-release-macos-x86_64, r-oldrel-macos-arm64, r-oldrel-macos-x86_64