Last updated on 2022-08-15 08:50:04 CEST.
Flavor | Version | Tinstall | Tcheck | Ttotal | Status | Flags |
---|---|---|---|---|---|---|
r-devel-linux-x86_64-debian-clang | 0.2.0 | 9.32 | 57.26 | 66.58 | OK | |
r-devel-linux-x86_64-debian-gcc | 0.2.0 | 7.34 | 42.05 | 49.39 | OK | |
r-devel-linux-x86_64-fedora-clang | 0.2.0 | 91.79 | NOTE | |||
r-devel-linux-x86_64-fedora-gcc | 0.2.0 | 90.76 | NOTE | |||
r-devel-windows-x86_64 | 0.2.0 | 17.00 | 78.00 | 95.00 | OK | |
r-patched-linux-x86_64 | 0.2.0 | 8.66 | 53.15 | 61.81 | OK | |
r-release-linux-x86_64 | 0.2.0 | 9.87 | 52.46 | 62.33 | OK | |
r-release-macos-arm64 | 0.2.0 | 27.00 | NOTE | |||
r-release-macos-x86_64 | 0.2.0 | 49.00 | NOTE | |||
r-release-windows-x86_64 | 0.2.0 | 14.00 | 79.00 | 93.00 | OK | |
r-oldrel-macos-arm64 | 0.2.0 | 33.00 | NOTE | |||
r-oldrel-macos-x86_64 | 0.2.0 | 45.00 | NOTE | |||
r-oldrel-windows-ix86+x86_64 | 0.2.0 | 22.00 | 75.00 | 97.00 | OK |
Version: 0.2.0
Check: data for non-ASCII characters
Result: NOTE
Note: found 26 marked Latin-1 strings
Flavors: r-devel-linux-x86_64-fedora-clang, r-devel-linux-x86_64-fedora-gcc, r-release-macos-arm64, r-release-macos-x86_64, r-oldrel-macos-arm64, r-oldrel-macos-x86_64
Version: 0.2.0
Check: installed package size
Result: NOTE
installed size is 5.0Mb
sub-directories of 1Mb or more:
data 4.9Mb
Flavors: r-release-macos-arm64, r-oldrel-macos-arm64