Last updated on 2022-08-15 08:50:05 CEST.
Flavor | Version | Tinstall | Tcheck | Ttotal | Status | Flags |
---|---|---|---|---|---|---|
r-devel-linux-x86_64-debian-clang | 0.5.1 | 19.53 | 154.98 | 174.51 | NOTE | |
r-devel-linux-x86_64-debian-gcc | 0.5.1 | 14.35 | 114.16 | 128.51 | NOTE | |
r-devel-linux-x86_64-fedora-clang | 0.5.1 | 214.55 | NOTE | |||
r-devel-linux-x86_64-fedora-gcc | 0.5.1 | 217.62 | NOTE | |||
r-devel-windows-x86_64 | 0.5.1 | 46.00 | 164.00 | 210.00 | OK | |
r-patched-linux-x86_64 | 0.5.1 | 18.02 | 145.80 | 163.82 | NOTE | |
r-release-linux-x86_64 | 0.5.1 | 16.92 | 143.91 | 160.83 | NOTE | |
r-release-macos-arm64 | 0.5.1 | 60.00 | OK | |||
r-release-macos-x86_64 | 0.5.1 | 7.00 | ERROR | |||
r-release-windows-x86_64 | 0.5.1 | 42.00 | 170.00 | 212.00 | OK | |
r-oldrel-macos-arm64 | 0.5.1 | 56.00 | OK | |||
r-oldrel-macos-x86_64 | 0.5.1 | 80.00 | OK | |||
r-oldrel-windows-ix86+x86_64 | 0.5.1 | 42.00 | 166.00 | 208.00 | OK |
Version: 0.5.1
Check: package dependencies
Result: NOTE
Package suggested but not available for checking: 'WebPower'
Flavors: r-devel-linux-x86_64-debian-clang, r-devel-linux-x86_64-debian-gcc, r-devel-linux-x86_64-fedora-gcc, r-patched-linux-x86_64, r-release-linux-x86_64
Version: 0.5.1
Check: package dependencies
Result: NOTE
Package suggested but not available for checking: ‘WebPower’
Imports includes 21 non-default packages.
Importing from so many packages makes the package vulnerable to any of
them becoming unavailable. Move as many as possible to Suggests and
use conditionally.
Flavor: r-devel-linux-x86_64-fedora-clang
Version: 0.5.1
Check: package dependencies
Result: ERROR
Packages required but not available: 'kappaSize', 'presize'
See section ‘The DESCRIPTION file’ in the ‘Writing R Extensions’
manual.
Flavor: r-release-macos-x86_64