Last updated on 2022-08-15 08:50:05 CEST.
Flavor | Version | Tinstall | Tcheck | Ttotal | Status | Flags |
---|---|---|---|---|---|---|
r-devel-linux-x86_64-debian-clang | 1.0.0 | 9.02 | 271.05 | 280.07 | OK | |
r-devel-linux-x86_64-debian-gcc | 1.0.0 | 7.49 | 180.12 | 187.61 | OK | |
r-devel-linux-x86_64-fedora-clang | 1.0.0 | 319.27 | NOTE | |||
r-devel-linux-x86_64-fedora-gcc | 1.0.0 | 339.90 | NOTE | |||
r-devel-windows-x86_64 | 1.0.0 | 34.00 | 259.00 | 293.00 | OK | |
r-patched-linux-x86_64 | 1.0.0 | 10.33 | 252.93 | 263.26 | OK | |
r-release-linux-x86_64 | 1.0.0 | 8.61 | 247.87 | 256.48 | OK | |
r-release-macos-arm64 | 1.0.0 | 68.00 | NOTE | |||
r-release-macos-x86_64 | 1.0.0 | 123.00 | NOTE | |||
r-release-windows-x86_64 | 1.0.0 | 32.00 | 252.00 | 284.00 | OK | |
r-oldrel-macos-arm64 | 1.0.0 | 73.00 | NOTE | |||
r-oldrel-macos-x86_64 | 1.0.0 | 97.00 | NOTE | |||
r-oldrel-windows-ix86+x86_64 | 1.0.0 | 18.00 | 297.00 | 315.00 | OK |
Version: 1.0.0
Check: dependencies in R code
Result: NOTE
Namespace in Imports field not imported from: ‘here’
All declared Imports should be used.
Flavors: r-devel-linux-x86_64-fedora-clang, r-devel-linux-x86_64-fedora-gcc, r-release-macos-arm64, r-release-macos-x86_64, r-oldrel-macos-arm64, r-oldrel-macos-x86_64