Last updated on 2022-08-15 08:50:05 CEST.
Flavor | Version | Tinstall | Tcheck | Ttotal | Status | Flags |
---|---|---|---|---|---|---|
r-devel-linux-x86_64-debian-clang | 1.0 | 32.33 | 28.91 | 61.24 | OK | |
r-devel-linux-x86_64-debian-gcc | 1.0 | 26.13 | 23.03 | 49.16 | OK | |
r-devel-linux-x86_64-fedora-clang | 1.0 | 95.72 | NOTE | |||
r-devel-linux-x86_64-fedora-gcc | 1.0 | 93.16 | NOTE | |||
r-devel-windows-x86_64 | 1.0 | 34.00 | 70.00 | 104.00 | OK | |
r-patched-linux-x86_64 | 1.0 | 26.58 | 28.85 | 55.43 | OK | |
r-release-linux-x86_64 | 1.0 | 27.09 | 29.03 | 56.12 | OK | |
r-release-macos-arm64 | 1.0 | 25.00 | OK | |||
r-release-macos-x86_64 | 1.0 | 35.00 | OK | |||
r-release-windows-x86_64 | 1.0 | 33.00 | 72.00 | 105.00 | OK | |
r-oldrel-macos-arm64 | 1.0 | 30.00 | OK | |||
r-oldrel-macos-x86_64 | 1.0 | 47.00 | OK | |||
r-oldrel-windows-ix86+x86_64 | 1.0 | 82.00 | 83.00 | 165.00 | OK |
Version: 1.0
Check: compiled code
Result: NOTE
File ‘PWD/libs/PWD.so’:
Found no calls to: ‘R_registerRoutines’, ‘R_useDynamicSymbols’
It is good practice to register native routines and to disable symbol
search.
See ‘Writing portable packages’ in the ‘Writing R Extensions’ manual.
Flavors: r-devel-linux-x86_64-fedora-clang, r-devel-linux-x86_64-fedora-gcc