Last updated on 2022-08-15 08:50:03 CEST.
Flavor | Version | Tinstall | Tcheck | Ttotal | Status | Flags |
---|---|---|---|---|---|---|
r-devel-linux-x86_64-debian-clang | 0.1.0 | 4.03 | 33.43 | 37.46 | OK | |
r-devel-linux-x86_64-debian-gcc | 0.1.0 | 3.55 | 25.45 | 29.00 | OK | |
r-devel-linux-x86_64-fedora-clang | 0.1.0 | 57.50 | NOTE | |||
r-devel-linux-x86_64-fedora-gcc | 0.1.0 | 57.63 | NOTE | |||
r-devel-windows-x86_64 | 0.1.0 | 13.00 | 61.00 | 74.00 | OK | |
r-patched-linux-x86_64 | 0.1.0 | 5.09 | 30.97 | 36.06 | OK | |
r-release-linux-x86_64 | 0.1.0 | 4.06 | 31.66 | 35.72 | OK | |
r-release-macos-arm64 | 0.1.0 | 22.00 | NOTE | |||
r-release-macos-x86_64 | 0.1.0 | 29.00 | NOTE | |||
r-release-windows-x86_64 | 0.1.0 | 16.00 | 60.00 | 76.00 | OK | |
r-oldrel-macos-arm64 | 0.1.0 | 24.00 | NOTE | |||
r-oldrel-macos-x86_64 | 0.1.0 | 37.00 | NOTE | |||
r-oldrel-windows-ix86+x86_64 | 0.1.0 | 10.00 | 51.00 | 61.00 | OK |
Version: 0.1.0
Check: dependencies in R code
Result: NOTE
Namespace in Imports field not imported from: ‘stats’
All declared Imports should be used.
Flavors: r-devel-linux-x86_64-fedora-clang, r-devel-linux-x86_64-fedora-gcc, r-release-macos-arm64, r-release-macos-x86_64, r-oldrel-macos-arm64, r-oldrel-macos-x86_64